{"id":5223,"date":"2019-11-25T09:34:19","date_gmt":"2019-11-25T12:34:19","guid":{"rendered":"http:\/\/simone.art.br\/musicas\/amigo-e-casa-simone-e-zelia-duncan\/"},"modified":"2021-11-21T02:02:27","modified_gmt":"2021-11-21T05:02:27","slug":"amigo-e-casa-simone-e-zelia-duncan","status":"publish","type":"musicas","link":"https:\/\/simone.art.br\/es\/musicas\/amigo-e-casa-simone-e-zelia-duncan\/","title":{"rendered":"Amigo \u00c9 Casa (Simone e Z\u00e9lia Duncan)"},"content":{"rendered":"\n<p>Vivendo grande fase em sua carreira, Z\u00e9lia Duncan encontra Simone para realizar um sonho antigo de fazer um Viviendo una gran etapa en su carrerra, Z\u00e9lia Duncan se une a Simone para realizar un antiguo sue\u00f1o: hacer un espect\u00e1culo juntas. Grabado en vivo, en San Pablo, el CD trae canciones que fueron sucesos en la voz de estas grandes int\u00e9rpretes de nuestra MPB, as\u00ed como relecturas de \u00e9xitos de otros destacados compositores como Erasmo Carlos (\u201cVou ficar Nu Pra Chamar Sua Aten\u00e7\u00e3o\u201d y \u201cMeu Ego\u201d) y Guilherme Arantes (\u2018Cuide-se Bem\u201d).<\/p>\n","protected":false},"featured_media":4645,"template":"","meta":{"inline_featured_image":false,"footnotes":""},"categoria_de_musica":[89],"periodo":[95],"class_list":["post-5223","musicas","type-musicas","status-publish","has-post-thumbnail","hentry","categoria_de_musica-album-es","periodo-anos-2000-es"],"yoast_head":"<!-- This site is optimized with the Yoast SEO plugin v27.5 - https:\/\/yoast.com\/product\/yoast-seo-wordpress\/ -->\n<title>Amigo \u00c9 Casa (Simone e Z\u00e9lia Duncan) - Simone | Site Oficial<\/title>\n<meta name=\"robots\" content=\"index, follow, max-snippet:-1, max-image-preview:large, max-video-preview:-1\" \/>\n<link rel=\"canonical\" href=\"https:\/\/simone.art.br\/es\/musicas\/amigo-e-casa-simone-e-zelia-duncan\/\" \/>\n<meta property=\"og:locale\" content=\"es_ES\" \/>\n<meta property=\"og:type\" content=\"article\" \/>\n<meta property=\"og:title\" content=\"Amigo \u00c9 Casa (Simone e Z\u00e9lia Duncan) - Simone | Site Oficial\" \/>\n<meta property=\"og:description\" content=\"Vivendo grande fase em sua carreira, Z\u00e9lia Duncan encontra Simone para realizar um sonho antigo de fazer um Viviendo una gran etapa en su carrerra, Z\u00e9lia Duncan se une a Simone para realizar un antiguo sue\u00f1o: hacer un espect\u00e1culo juntas. [&hellip;]\" \/>\n<meta property=\"og:url\" content=\"https:\/\/simone.art.br\/es\/musicas\/amigo-e-casa-simone-e-zelia-duncan\/\" \/>\n<meta property=\"og:site_name\" content=\"Simone | Site Oficial\" \/>\n<meta property=\"article:modified_time\" content=\"2021-11-21T05:02:27+00:00\" \/>\n<meta property=\"og:image\" content=\"https:\/\/i0.wp.com\/simone.art.br\/wp-content\/uploads\/2019\/11\/amigo_e_casa-1.jpg?fit=640%2C640&ssl=1\" \/>\n\t<meta property=\"og:image:width\" content=\"640\" \/>\n\t<meta property=\"og:image:height\" content=\"640\" \/>\n\t<meta property=\"og:image:type\" content=\"image\/jpeg\" \/>\n<meta name=\"twitter:card\" content=\"summary_large_image\" \/>\n<meta name=\"twitter:label1\" content=\"Tiempo de lectura\" \/>\n\t<meta name=\"twitter:data1\" content=\"1 minuto\" \/>\n<script type=\"application\/ld+json\" class=\"yoast-schema-graph\">{\"@context\":\"https:\\\/\\\/schema.org\",\"@graph\":[{\"@type\":\"WebPage\",\"@id\":\"https:\\\/\\\/simone.art.br\\\/es\\\/musicas\\\/amigo-e-casa-simone-e-zelia-duncan\\\/\",\"url\":\"https:\\\/\\\/simone.art.br\\\/es\\\/musicas\\\/amigo-e-casa-simone-e-zelia-duncan\\\/\",\"name\":\"Amigo \u00c9 Casa (Simone e Z\u00e9lia Duncan) - Simone | Site Oficial\",\"isPartOf\":{\"@id\":\"https:\\\/\\\/simone.art.br\\\/es\\\/#website\"},\"primaryImageOfPage\":{\"@id\":\"https:\\\/\\\/simone.art.br\\\/es\\\/musicas\\\/amigo-e-casa-simone-e-zelia-duncan\\\/#primaryimage\"},\"image\":{\"@id\":\"https:\\\/\\\/simone.art.br\\\/es\\\/musicas\\\/amigo-e-casa-simone-e-zelia-duncan\\\/#primaryimage\"},\"thumbnailUrl\":\"https:\\\/\\\/simone.art.br\\\/wp-content\\\/uploads\\\/2019\\\/11\\\/amigo_e_casa-1.jpg\",\"datePublished\":\"2019-11-25T12:34:19+00:00\",\"dateModified\":\"2021-11-21T05:02:27+00:00\",\"breadcrumb\":{\"@id\":\"https:\\\/\\\/simone.art.br\\\/es\\\/musicas\\\/amigo-e-casa-simone-e-zelia-duncan\\\/#breadcrumb\"},\"inLanguage\":\"es\",\"potentialAction\":[{\"@type\":\"ReadAction\",\"target\":[\"https:\\\/\\\/simone.art.br\\\/es\\\/musicas\\\/amigo-e-casa-simone-e-zelia-duncan\\\/\"]}]},{\"@type\":\"ImageObject\",\"inLanguage\":\"es\",\"@id\":\"https:\\\/\\\/simone.art.br\\\/es\\\/musicas\\\/amigo-e-casa-simone-e-zelia-duncan\\\/#primaryimage\",\"url\":\"https:\\\/\\\/simone.art.br\\\/wp-content\\\/uploads\\\/2019\\\/11\\\/amigo_e_casa-1.jpg\",\"contentUrl\":\"https:\\\/\\\/simone.art.br\\\/wp-content\\\/uploads\\\/2019\\\/11\\\/amigo_e_casa-1.jpg\",\"width\":640,\"height\":640},{\"@type\":\"BreadcrumbList\",\"@id\":\"https:\\\/\\\/simone.art.br\\\/es\\\/musicas\\\/amigo-e-casa-simone-e-zelia-duncan\\\/#breadcrumb\",\"itemListElement\":[{\"@type\":\"ListItem\",\"position\":1,\"name\":\"In\u00edcio\",\"item\":\"https:\\\/\\\/simone.art.br\\\/es\\\/\"},{\"@type\":\"ListItem\",\"position\":2,\"name\":\"M\u00fasicas\",\"item\":\"https:\\\/\\\/simone.art.br\\\/es\\\/musicas\\\/\"},{\"@type\":\"ListItem\",\"position\":3,\"name\":\"Amigo \u00c9 Casa (Simone e Z\u00e9lia Duncan)\"}]},{\"@type\":\"WebSite\",\"@id\":\"https:\\\/\\\/simone.art.br\\\/es\\\/#website\",\"url\":\"https:\\\/\\\/simone.art.br\\\/es\\\/\",\"name\":\"Simone | Site Oficial\",\"description\":\"O voo da Cigarra, da inf\u00e2ncia musical aos palcos do mundo!\",\"potentialAction\":[{\"@type\":\"SearchAction\",\"target\":{\"@type\":\"EntryPoint\",\"urlTemplate\":\"https:\\\/\\\/simone.art.br\\\/es\\\/?s={search_term_string}\"},\"query-input\":{\"@type\":\"PropertyValueSpecification\",\"valueRequired\":true,\"valueName\":\"search_term_string\"}}],\"inLanguage\":\"es\"}]}<\/script>\n<!-- \/ Yoast SEO plugin. -->","yoast_head_json":{"title":"Amigo \u00c9 Casa (Simone e Z\u00e9lia Duncan) - Simone | Site Oficial","robots":{"index":"index","follow":"follow","max-snippet":"max-snippet:-1","max-image-preview":"max-image-preview:large","max-video-preview":"max-video-preview:-1"},"canonical":"https:\/\/simone.art.br\/es\/musicas\/amigo-e-casa-simone-e-zelia-duncan\/","og_locale":"es_ES","og_type":"article","og_title":"Amigo \u00c9 Casa (Simone e Z\u00e9lia Duncan) - Simone | Site Oficial","og_description":"Vivendo grande fase em sua carreira, Z\u00e9lia Duncan encontra Simone para realizar um sonho antigo de fazer um Viviendo una gran etapa en su carrerra, Z\u00e9lia Duncan se une a Simone para realizar un antiguo sue\u00f1o: hacer un espect\u00e1culo juntas. [&hellip;]","og_url":"https:\/\/simone.art.br\/es\/musicas\/amigo-e-casa-simone-e-zelia-duncan\/","og_site_name":"Simone | Site Oficial","article_modified_time":"2021-11-21T05:02:27+00:00","og_image":[{"width":640,"height":640,"url":"https:\/\/i0.wp.com\/simone.art.br\/wp-content\/uploads\/2019\/11\/amigo_e_casa-1.jpg?fit=640%2C640&ssl=1","type":"image\/jpeg"}],"twitter_card":"summary_large_image","twitter_misc":{"Tiempo de lectura":"1 minuto"},"schema":{"@context":"https:\/\/schema.org","@graph":[{"@type":"WebPage","@id":"https:\/\/simone.art.br\/es\/musicas\/amigo-e-casa-simone-e-zelia-duncan\/","url":"https:\/\/simone.art.br\/es\/musicas\/amigo-e-casa-simone-e-zelia-duncan\/","name":"Amigo \u00c9 Casa (Simone e Z\u00e9lia Duncan) - Simone | Site Oficial","isPartOf":{"@id":"https:\/\/simone.art.br\/es\/#website"},"primaryImageOfPage":{"@id":"https:\/\/simone.art.br\/es\/musicas\/amigo-e-casa-simone-e-zelia-duncan\/#primaryimage"},"image":{"@id":"https:\/\/simone.art.br\/es\/musicas\/amigo-e-casa-simone-e-zelia-duncan\/#primaryimage"},"thumbnailUrl":"https:\/\/simone.art.br\/wp-content\/uploads\/2019\/11\/amigo_e_casa-1.jpg","datePublished":"2019-11-25T12:34:19+00:00","dateModified":"2021-11-21T05:02:27+00:00","breadcrumb":{"@id":"https:\/\/simone.art.br\/es\/musicas\/amigo-e-casa-simone-e-zelia-duncan\/#breadcrumb"},"inLanguage":"es","potentialAction":[{"@type":"ReadAction","target":["https:\/\/simone.art.br\/es\/musicas\/amigo-e-casa-simone-e-zelia-duncan\/"]}]},{"@type":"ImageObject","inLanguage":"es","@id":"https:\/\/simone.art.br\/es\/musicas\/amigo-e-casa-simone-e-zelia-duncan\/#primaryimage","url":"https:\/\/simone.art.br\/wp-content\/uploads\/2019\/11\/amigo_e_casa-1.jpg","contentUrl":"https:\/\/simone.art.br\/wp-content\/uploads\/2019\/11\/amigo_e_casa-1.jpg","width":640,"height":640},{"@type":"BreadcrumbList","@id":"https:\/\/simone.art.br\/es\/musicas\/amigo-e-casa-simone-e-zelia-duncan\/#breadcrumb","itemListElement":[{"@type":"ListItem","position":1,"name":"In\u00edcio","item":"https:\/\/simone.art.br\/es\/"},{"@type":"ListItem","position":2,"name":"M\u00fasicas","item":"https:\/\/simone.art.br\/es\/musicas\/"},{"@type":"ListItem","position":3,"name":"Amigo \u00c9 Casa (Simone e Z\u00e9lia Duncan)"}]},{"@type":"WebSite","@id":"https:\/\/simone.art.br\/es\/#website","url":"https:\/\/simone.art.br\/es\/","name":"Simone | Site Oficial","description":"O voo da Cigarra, da inf\u00e2ncia musical aos palcos do mundo!","potentialAction":[{"@type":"SearchAction","target":{"@type":"EntryPoint","urlTemplate":"https:\/\/simone.art.br\/es\/?s={search_term_string}"},"query-input":{"@type":"PropertyValueSpecification","valueRequired":true,"valueName":"search_term_string"}}],"inLanguage":"es"}]}},"_links":{"self":[{"href":"https:\/\/simone.art.br\/es\/wp-json\/wp\/v2\/musicas\/5223","targetHints":{"allow":["GET"]}}],"collection":[{"href":"https:\/\/simone.art.br\/es\/wp-json\/wp\/v2\/musicas"}],"about":[{"href":"https:\/\/simone.art.br\/es\/wp-json\/wp\/v2\/types\/musicas"}],"version-history":[{"count":2,"href":"https:\/\/simone.art.br\/es\/wp-json\/wp\/v2\/musicas\/5223\/revisions"}],"predecessor-version":[{"id":5225,"href":"https:\/\/simone.art.br\/es\/wp-json\/wp\/v2\/musicas\/5223\/revisions\/5225"}],"wp:featuredmedia":[{"embeddable":true,"href":"https:\/\/simone.art.br\/es\/wp-json\/wp\/v2\/media\/4645"}],"wp:attachment":[{"href":"https:\/\/simone.art.br\/es\/wp-json\/wp\/v2\/media?parent=5223"}],"wp:term":[{"taxonomy":"categoria_de_musica","embeddable":true,"href":"https:\/\/simone.art.br\/es\/wp-json\/wp\/v2\/categoria_de_musica?post=5223"},{"taxonomy":"periodo","embeddable":true,"href":"https:\/\/simone.art.br\/es\/wp-json\/wp\/v2\/periodo?post=5223"}],"curies":[{"name":"wp","href":"https:\/\/api.w.org\/{rel}","templated":true}]}}

Amigo É Casa (Simone e Zélia Duncan)

<p>Vivendo grande fase em sua carreira, Zélia Duncan encontra Simone para realizar um sonho antigo de fazer um Viviendo una gran etapa en su carrerra, Zélia Duncan se une a Simone para realizar un antiguo sueño: hacer un espectáculo juntas. Grabado en vivo, en San Pablo, el CD trae canciones que fueron sucesos en la voz de estas grandes intérpretes de nuestra MPB, así como relecturas de éxitos de otros destacados compositores como Erasmo Carlos (“Vou ficar Nu Pra Chamar Sua Atenção” y “Meu Ego”) y Guilherme Arantes (‘Cuide-se Bem”).</p>

<!-- This site is optimized with the Yoast SEO plugin v27.5 - https://yoast.com/product/yoast-seo-wordpress/ -->
<title>Amigo É Casa (Simone e Zélia Duncan) - Simone | Site Oficial</title>
<meta name="robots" content="index, follow, max-snippet:-1, max-image-preview:large, max-video-preview:-1" />
<link rel="canonical" href="https://simone.art.br/es/musicas/amigo-e-casa-simone-e-zelia-duncan/" />
<meta property="og:locale" content="es_ES" />
<meta property="og:type" content="article" />
<meta property="og:title" content="Amigo É Casa (Simone e Zélia Duncan) - Simone | Site Oficial" />
<meta property="og:description" content="Vivendo grande fase em sua carreira, Zélia Duncan encontra Simone para realizar um sonho antigo de fazer um Viviendo una gran etapa en su carrerra, Zélia Duncan se une a Simone para realizar un antiguo sueño: hacer un espectáculo juntas. [&hellip;]" />
<meta property="og:url" content="https://simone.art.br/es/musicas/amigo-e-casa-simone-e-zelia-duncan/" />
<meta property="og:site_name" content="Simone | Site Oficial" />
<meta property="article:modified_time" content="2021-11-21T05:02:27+00:00" />
<meta property="og:image" content="https://i0.wp.com/simone.art.br/wp-content/uploads/2019/11/amigo_e_casa-1.jpg?fit=640%2C640&ssl=1" />
	<meta property="og:image:width" content="640" />
	<meta property="og:image:height" content="640" />
	<meta property="og:image:type" content="image/jpeg" />
<meta name="twitter:card" content="summary_large_image" />
<meta name="twitter:label1" content="Tiempo de lectura" />
	<meta name="twitter:data1" content="1 minuto" />
<script type="application/ld+json" class="yoast-schema-graph">{"@context":"https:\/\/schema.org","@graph":[{"@type":"WebPage","@id":"https:\/\/simone.art.br\/es\/musicas\/amigo-e-casa-simone-e-zelia-duncan\/","url":"https:\/\/simone.art.br\/es\/musicas\/amigo-e-casa-simone-e-zelia-duncan\/","name":"Amigo É Casa (Simone e Zélia Duncan) - Simone | Site Oficial","isPartOf":{"@id":"https:\/\/simone.art.br\/es\/#website"},"primaryImageOfPage":{"@id":"https:\/\/simone.art.br\/es\/musicas\/amigo-e-casa-simone-e-zelia-duncan\/#primaryimage"},"image":{"@id":"https:\/\/simone.art.br\/es\/musicas\/amigo-e-casa-simone-e-zelia-duncan\/#primaryimage"},"thumbnailUrl":"https:\/\/simone.art.br\/wp-content\/uploads\/2019\/11\/amigo_e_casa-1.jpg","datePublished":"2019-11-25T12:34:19+00:00","dateModified":"2021-11-21T05:02:27+00:00","breadcrumb":{"@id":"https:\/\/simone.art.br\/es\/musicas\/amigo-e-casa-simone-e-zelia-duncan\/#breadcrumb"},"inLanguage":"es","potentialAction":[{"@type":"ReadAction","target":["https:\/\/simone.art.br\/es\/musicas\/amigo-e-casa-simone-e-zelia-duncan\/"]}]},{"@type":"ImageObject","inLanguage":"es","@id":"https:\/\/simone.art.br\/es\/musicas\/amigo-e-casa-simone-e-zelia-duncan\/#primaryimage","url":"https:\/\/simone.art.br\/wp-content\/uploads\/2019\/11\/amigo_e_casa-1.jpg","contentUrl":"https:\/\/simone.art.br\/wp-content\/uploads\/2019\/11\/amigo_e_casa-1.jpg","width":640,"height":640},{"@type":"BreadcrumbList","@id":"https:\/\/simone.art.br\/es\/musicas\/amigo-e-casa-simone-e-zelia-duncan\/#breadcrumb","itemListElement":[{"@type":"ListItem","position":1,"name":"Início","item":"https:\/\/simone.art.br\/es\/"},{"@type":"ListItem","position":2,"name":"Músicas","item":"https:\/\/simone.art.br\/es\/musicas\/"},{"@type":"ListItem","position":3,"name":"Amigo É Casa (Simone e Zélia Duncan)"}]},{"@type":"WebSite","@id":"https:\/\/simone.art.br\/es\/#website","url":"https:\/\/simone.art.br\/es\/","name":"Simone | Site Oficial","description":"O voo da Cigarra, da infância musical aos palcos do mundo!","potentialAction":[{"@type":"SearchAction","target":{"@type":"EntryPoint","urlTemplate":"https:\/\/simone.art.br\/es\/?s={search_term_string}"},"query-input":{"@type":"PropertyValueSpecification","valueRequired":true,"valueName":"search_term_string"}}],"inLanguage":"es"}]}</script>
<!-- / Yoast SEO plugin. -->

Amigo É Casa (Simone e Zélia Duncan) - Simone | Site Oficial

Vivendo grande fase em sua carreira, Zélia Duncan encontra Simone para realizar um sonho antigo de fazer um Viviendo una gran etapa en su carrerra, Zélia Duncan se une a Simone para realizar un antiguo sueño: hacer un espectáculo juntas. [&hellip;]

Início

Músicas

O voo da Cigarra, da infância musical aos palcos do mundo!
