{"id":5270,"date":"2019-11-23T18:05:50","date_gmt":"2019-11-23T21:05:50","guid":{"rendered":"http:\/\/simone.art.br\/musicas\/25-de-dezembro\/"},"modified":"2021-11-21T12:04:15","modified_gmt":"2021-11-21T15:04:15","slug":"25-de-dezembro","status":"publish","type":"musicas","link":"https:\/\/simone.art.br\/es\/musicas\/25-de-dezembro\/","title":{"rendered":"25 de Dezembro"},"content":{"rendered":"\n<p>25 de Dezembro es el t\u00edtulo de un \u00e1lbum de estudio editado en 1995 por la discogr\u00e1fica PolyGram. El disco fue el primero en contar exclusivamente con canciones cristianas \/ navide\u00f1as y con ello Simone inaugur\u00f3 un segmento que hasta entonces no hab\u00eda estado presente en la industria fonogr\u00e1fica nacional.<\/p>\n","protected":false},"featured_media":4507,"template":"","meta":{"inline_featured_image":false,"footnotes":""},"categoria_de_musica":[89],"periodo":[94],"class_list":["post-5270","musicas","type-musicas","status-publish","has-post-thumbnail","hentry","categoria_de_musica-album-es","periodo-anos-90-es"],"yoast_head":"<!-- This site is optimized with the Yoast SEO plugin v27.4 - https:\/\/yoast.com\/product\/yoast-seo-wordpress\/ -->\n<title>25 de Dezembro - Simone | Site Oficial<\/title>\n<meta name=\"robots\" content=\"index, follow, max-snippet:-1, max-image-preview:large, max-video-preview:-1\" \/>\n<link rel=\"canonical\" href=\"https:\/\/simone.art.br\/es\/musicas\/25-de-dezembro\/\" \/>\n<meta property=\"og:locale\" content=\"es_ES\" \/>\n<meta property=\"og:type\" content=\"article\" \/>\n<meta property=\"og:title\" content=\"25 de Dezembro - Simone | Site Oficial\" \/>\n<meta property=\"og:description\" content=\"25 de Dezembro es el t\u00edtulo de un \u00e1lbum de estudio editado en 1995 por la discogr\u00e1fica PolyGram. El disco fue el primero en contar exclusivamente con canciones cristianas \/ navide\u00f1as y con ello Simone inaugur\u00f3 un segmento que hasta [&hellip;]\" \/>\n<meta property=\"og:url\" content=\"https:\/\/simone.art.br\/es\/musicas\/25-de-dezembro\/\" \/>\n<meta property=\"og:site_name\" content=\"Simone | Site Oficial\" \/>\n<meta property=\"article:modified_time\" content=\"2021-11-21T15:04:15+00:00\" \/>\n<meta property=\"og:image\" content=\"https:\/\/i0.wp.com\/simone.art.br\/wp-content\/uploads\/2019\/11\/simone-1995-25-de-dezembro.jpg?fit=640%2C640&ssl=1\" \/>\n\t<meta property=\"og:image:width\" content=\"640\" \/>\n\t<meta property=\"og:image:height\" content=\"640\" \/>\n\t<meta property=\"og:image:type\" content=\"image\/jpeg\" \/>\n<meta name=\"twitter:card\" content=\"summary_large_image\" \/>\n<meta name=\"twitter:label1\" content=\"Tiempo de lectura\" \/>\n\t<meta name=\"twitter:data1\" content=\"1 minuto\" \/>\n<script type=\"application\/ld+json\" class=\"yoast-schema-graph\">{\"@context\":\"https:\\\/\\\/schema.org\",\"@graph\":[{\"@type\":\"WebPage\",\"@id\":\"https:\\\/\\\/simone.art.br\\\/es\\\/musicas\\\/25-de-dezembro\\\/\",\"url\":\"https:\\\/\\\/simone.art.br\\\/es\\\/musicas\\\/25-de-dezembro\\\/\",\"name\":\"25 de Dezembro - Simone | Site Oficial\",\"isPartOf\":{\"@id\":\"https:\\\/\\\/simone.art.br\\\/es\\\/#website\"},\"primaryImageOfPage\":{\"@id\":\"https:\\\/\\\/simone.art.br\\\/es\\\/musicas\\\/25-de-dezembro\\\/#primaryimage\"},\"image\":{\"@id\":\"https:\\\/\\\/simone.art.br\\\/es\\\/musicas\\\/25-de-dezembro\\\/#primaryimage\"},\"thumbnailUrl\":\"https:\\\/\\\/simone.art.br\\\/wp-content\\\/uploads\\\/2019\\\/11\\\/simone-1995-25-de-dezembro.jpg\",\"datePublished\":\"2019-11-23T21:05:50+00:00\",\"dateModified\":\"2021-11-21T15:04:15+00:00\",\"breadcrumb\":{\"@id\":\"https:\\\/\\\/simone.art.br\\\/es\\\/musicas\\\/25-de-dezembro\\\/#breadcrumb\"},\"inLanguage\":\"es\",\"potentialAction\":[{\"@type\":\"ReadAction\",\"target\":[\"https:\\\/\\\/simone.art.br\\\/es\\\/musicas\\\/25-de-dezembro\\\/\"]}]},{\"@type\":\"ImageObject\",\"inLanguage\":\"es\",\"@id\":\"https:\\\/\\\/simone.art.br\\\/es\\\/musicas\\\/25-de-dezembro\\\/#primaryimage\",\"url\":\"https:\\\/\\\/simone.art.br\\\/wp-content\\\/uploads\\\/2019\\\/11\\\/simone-1995-25-de-dezembro.jpg\",\"contentUrl\":\"https:\\\/\\\/simone.art.br\\\/wp-content\\\/uploads\\\/2019\\\/11\\\/simone-1995-25-de-dezembro.jpg\",\"width\":640,\"height\":640},{\"@type\":\"BreadcrumbList\",\"@id\":\"https:\\\/\\\/simone.art.br\\\/es\\\/musicas\\\/25-de-dezembro\\\/#breadcrumb\",\"itemListElement\":[{\"@type\":\"ListItem\",\"position\":1,\"name\":\"In\u00edcio\",\"item\":\"https:\\\/\\\/simone.art.br\\\/es\\\/\"},{\"@type\":\"ListItem\",\"position\":2,\"name\":\"M\u00fasicas\",\"item\":\"https:\\\/\\\/simone.art.br\\\/es\\\/musicas\\\/\"},{\"@type\":\"ListItem\",\"position\":3,\"name\":\"25 de Dezembro\"}]},{\"@type\":\"WebSite\",\"@id\":\"https:\\\/\\\/simone.art.br\\\/es\\\/#website\",\"url\":\"https:\\\/\\\/simone.art.br\\\/es\\\/\",\"name\":\"Simone | Site Oficial\",\"description\":\"O voo da Cigarra, da inf\u00e2ncia musical aos palcos do mundo!\",\"potentialAction\":[{\"@type\":\"SearchAction\",\"target\":{\"@type\":\"EntryPoint\",\"urlTemplate\":\"https:\\\/\\\/simone.art.br\\\/es\\\/?s={search_term_string}\"},\"query-input\":{\"@type\":\"PropertyValueSpecification\",\"valueRequired\":true,\"valueName\":\"search_term_string\"}}],\"inLanguage\":\"es\"}]}<\/script>\n<!-- \/ Yoast SEO plugin. -->","yoast_head_json":{"title":"25 de Dezembro - Simone | Site Oficial","robots":{"index":"index","follow":"follow","max-snippet":"max-snippet:-1","max-image-preview":"max-image-preview:large","max-video-preview":"max-video-preview:-1"},"canonical":"https:\/\/simone.art.br\/es\/musicas\/25-de-dezembro\/","og_locale":"es_ES","og_type":"article","og_title":"25 de Dezembro - Simone | Site Oficial","og_description":"25 de Dezembro es el t\u00edtulo de un \u00e1lbum de estudio editado en 1995 por la discogr\u00e1fica PolyGram. El disco fue el primero en contar exclusivamente con canciones cristianas \/ navide\u00f1as y con ello Simone inaugur\u00f3 un segmento que hasta [&hellip;]","og_url":"https:\/\/simone.art.br\/es\/musicas\/25-de-dezembro\/","og_site_name":"Simone | Site Oficial","article_modified_time":"2021-11-21T15:04:15+00:00","og_image":[{"width":640,"height":640,"url":"https:\/\/i0.wp.com\/simone.art.br\/wp-content\/uploads\/2019\/11\/simone-1995-25-de-dezembro.jpg?fit=640%2C640&ssl=1","type":"image\/jpeg"}],"twitter_card":"summary_large_image","twitter_misc":{"Tiempo de lectura":"1 minuto"},"schema":{"@context":"https:\/\/schema.org","@graph":[{"@type":"WebPage","@id":"https:\/\/simone.art.br\/es\/musicas\/25-de-dezembro\/","url":"https:\/\/simone.art.br\/es\/musicas\/25-de-dezembro\/","name":"25 de Dezembro - Simone | Site Oficial","isPartOf":{"@id":"https:\/\/simone.art.br\/es\/#website"},"primaryImageOfPage":{"@id":"https:\/\/simone.art.br\/es\/musicas\/25-de-dezembro\/#primaryimage"},"image":{"@id":"https:\/\/simone.art.br\/es\/musicas\/25-de-dezembro\/#primaryimage"},"thumbnailUrl":"https:\/\/simone.art.br\/wp-content\/uploads\/2019\/11\/simone-1995-25-de-dezembro.jpg","datePublished":"2019-11-23T21:05:50+00:00","dateModified":"2021-11-21T15:04:15+00:00","breadcrumb":{"@id":"https:\/\/simone.art.br\/es\/musicas\/25-de-dezembro\/#breadcrumb"},"inLanguage":"es","potentialAction":[{"@type":"ReadAction","target":["https:\/\/simone.art.br\/es\/musicas\/25-de-dezembro\/"]}]},{"@type":"ImageObject","inLanguage":"es","@id":"https:\/\/simone.art.br\/es\/musicas\/25-de-dezembro\/#primaryimage","url":"https:\/\/simone.art.br\/wp-content\/uploads\/2019\/11\/simone-1995-25-de-dezembro.jpg","contentUrl":"https:\/\/simone.art.br\/wp-content\/uploads\/2019\/11\/simone-1995-25-de-dezembro.jpg","width":640,"height":640},{"@type":"BreadcrumbList","@id":"https:\/\/simone.art.br\/es\/musicas\/25-de-dezembro\/#breadcrumb","itemListElement":[{"@type":"ListItem","position":1,"name":"In\u00edcio","item":"https:\/\/simone.art.br\/es\/"},{"@type":"ListItem","position":2,"name":"M\u00fasicas","item":"https:\/\/simone.art.br\/es\/musicas\/"},{"@type":"ListItem","position":3,"name":"25 de Dezembro"}]},{"@type":"WebSite","@id":"https:\/\/simone.art.br\/es\/#website","url":"https:\/\/simone.art.br\/es\/","name":"Simone | Site Oficial","description":"O voo da Cigarra, da inf\u00e2ncia musical aos palcos do mundo!","potentialAction":[{"@type":"SearchAction","target":{"@type":"EntryPoint","urlTemplate":"https:\/\/simone.art.br\/es\/?s={search_term_string}"},"query-input":{"@type":"PropertyValueSpecification","valueRequired":true,"valueName":"search_term_string"}}],"inLanguage":"es"}]}},"_links":{"self":[{"href":"https:\/\/simone.art.br\/es\/wp-json\/wp\/v2\/musicas\/5270","targetHints":{"allow":["GET"]}}],"collection":[{"href":"https:\/\/simone.art.br\/es\/wp-json\/wp\/v2\/musicas"}],"about":[{"href":"https:\/\/simone.art.br\/es\/wp-json\/wp\/v2\/types\/musicas"}],"version-history":[{"count":1,"href":"https:\/\/simone.art.br\/es\/wp-json\/wp\/v2\/musicas\/5270\/revisions"}],"predecessor-version":[{"id":5275,"href":"https:\/\/simone.art.br\/es\/wp-json\/wp\/v2\/musicas\/5270\/revisions\/5275"}],"wp:featuredmedia":[{"embeddable":true,"href":"https:\/\/simone.art.br\/es\/wp-json\/wp\/v2\/media\/4507"}],"wp:attachment":[{"href":"https:\/\/simone.art.br\/es\/wp-json\/wp\/v2\/media?parent=5270"}],"wp:term":[{"taxonomy":"categoria_de_musica","embeddable":true,"href":"https:\/\/simone.art.br\/es\/wp-json\/wp\/v2\/categoria_de_musica?post=5270"},{"taxonomy":"periodo","embeddable":true,"href":"https:\/\/simone.art.br\/es\/wp-json\/wp\/v2\/periodo?post=5270"}],"curies":[{"name":"wp","href":"https:\/\/api.w.org\/{rel}","templated":true}]}}

<p>25 de Dezembro es el título de un álbum de estudio editado en 1995 por la discográfica PolyGram. El disco fue el primero en contar exclusivamente con canciones cristianas / navideñas y con ello Simone inauguró un segmento que hasta entonces no había estado presente en la industria fonográfica nacional.</p>

<!-- This site is optimized with the Yoast SEO plugin v27.4 - https://yoast.com/product/yoast-seo-wordpress/ -->
<title>25 de Dezembro - Simone | Site Oficial</title>
<meta name="robots" content="index, follow, max-snippet:-1, max-image-preview:large, max-video-preview:-1" />
<link rel="canonical" href="https://simone.art.br/es/musicas/25-de-dezembro/" />
<meta property="og:locale" content="es_ES" />
<meta property="og:type" content="article" />
<meta property="og:title" content="25 de Dezembro - Simone | Site Oficial" />
<meta property="og:description" content="25 de Dezembro es el título de un álbum de estudio editado en 1995 por la discográfica PolyGram. El disco fue el primero en contar exclusivamente con canciones cristianas / navideñas y con ello Simone inauguró un segmento que hasta [&hellip;]" />
<meta property="og:url" content="https://simone.art.br/es/musicas/25-de-dezembro/" />
<meta property="og:site_name" content="Simone | Site Oficial" />
<meta property="article:modified_time" content="2021-11-21T15:04:15+00:00" />
<meta property="og:image" content="https://i0.wp.com/simone.art.br/wp-content/uploads/2019/11/simone-1995-25-de-dezembro.jpg?fit=640%2C640&ssl=1" />
	<meta property="og:image:width" content="640" />
	<meta property="og:image:height" content="640" />
	<meta property="og:image:type" content="image/jpeg" />
<meta name="twitter:card" content="summary_large_image" />
<meta name="twitter:label1" content="Tiempo de lectura" />
	<meta name="twitter:data1" content="1 minuto" />
<script type="application/ld+json" class="yoast-schema-graph">{"@context":"https:\/\/schema.org","@graph":[{"@type":"WebPage","@id":"https:\/\/simone.art.br\/es\/musicas\/25-de-dezembro\/","url":"https:\/\/simone.art.br\/es\/musicas\/25-de-dezembro\/","name":"25 de Dezembro - Simone | Site Oficial","isPartOf":{"@id":"https:\/\/simone.art.br\/es\/#website"},"primaryImageOfPage":{"@id":"https:\/\/simone.art.br\/es\/musicas\/25-de-dezembro\/#primaryimage"},"image":{"@id":"https:\/\/simone.art.br\/es\/musicas\/25-de-dezembro\/#primaryimage"},"thumbnailUrl":"https:\/\/simone.art.br\/wp-content\/uploads\/2019\/11\/simone-1995-25-de-dezembro.jpg","datePublished":"2019-11-23T21:05:50+00:00","dateModified":"2021-11-21T15:04:15+00:00","breadcrumb":{"@id":"https:\/\/simone.art.br\/es\/musicas\/25-de-dezembro\/#breadcrumb"},"inLanguage":"es","potentialAction":[{"@type":"ReadAction","target":["https:\/\/simone.art.br\/es\/musicas\/25-de-dezembro\/"]}]},{"@type":"ImageObject","inLanguage":"es","@id":"https:\/\/simone.art.br\/es\/musicas\/25-de-dezembro\/#primaryimage","url":"https:\/\/simone.art.br\/wp-content\/uploads\/2019\/11\/simone-1995-25-de-dezembro.jpg","contentUrl":"https:\/\/simone.art.br\/wp-content\/uploads\/2019\/11\/simone-1995-25-de-dezembro.jpg","width":640,"height":640},{"@type":"BreadcrumbList","@id":"https:\/\/simone.art.br\/es\/musicas\/25-de-dezembro\/#breadcrumb","itemListElement":[{"@type":"ListItem","position":1,"name":"Início","item":"https:\/\/simone.art.br\/es\/"},{"@type":"ListItem","position":2,"name":"Músicas","item":"https:\/\/simone.art.br\/es\/musicas\/"},{"@type":"ListItem","position":3,"name":"25 de Dezembro"}]},{"@type":"WebSite","@id":"https:\/\/simone.art.br\/es\/#website","url":"https:\/\/simone.art.br\/es\/","name":"Simone | Site Oficial","description":"O voo da Cigarra, da infância musical aos palcos do mundo!","potentialAction":[{"@type":"SearchAction","target":{"@type":"EntryPoint","urlTemplate":"https:\/\/simone.art.br\/es\/?s={search_term_string}"},"query-input":{"@type":"PropertyValueSpecification","valueRequired":true,"valueName":"search_term_string"}}],"inLanguage":"es"}]}</script>
<!-- / Yoast SEO plugin. -->

25 de Dezembro es el título de un álbum de estudio editado en 1995 por la discográfica PolyGram. El disco fue el primero en contar exclusivamente con canciones cristianas / navideñas y con ello Simone inauguró un segmento que hasta [&hellip;]

Início

Músicas

O voo da Cigarra, da infância musical aos palcos do mundo!
