{"id":5293,"date":"2019-11-26T23:02:43","date_gmt":"2019-11-27T02:02:43","guid":{"rendered":"http:\/\/simone.art.br\/musicas\/seducao\/"},"modified":"2021-11-21T13:12:05","modified_gmt":"2021-11-21T16:12:05","slug":"seducao","status":"publish","type":"musicas","link":"https:\/\/simone.art.br\/es\/musicas\/seducao\/","title":{"rendered":"Seducci\u00f3n\/Sedu\u00e7\u00e3o"},"content":{"rendered":"\n<p>Este disco incluye una colaboraci\u00f3n entre Simone y el tenor Pl\u00e1cido Domingo en el tema \u00abHasta que te Ame\u00bb(\u2018Apaixonou\u2019\/ &#8216;Till I Loved You&#8217;), producido especialmente para el musical \u00abGoya: Una vida hecha canci\u00f3n\u00bb (\u2018Goya\u2026 A life in song\u2019), de Yeston.<\/p>\n","protected":false},"featured_media":4561,"template":"","meta":{"inline_featured_image":false,"footnotes":""},"categoria_de_musica":[89],"periodo":[92],"class_list":["post-5293","musicas","type-musicas","status-publish","has-post-thumbnail","hentry","categoria_de_musica-album-es","periodo-anos-80-es"],"yoast_head":"<!-- This site is optimized with the Yoast SEO plugin v27.4 - https:\/\/yoast.com\/product\/yoast-seo-wordpress\/ -->\n<title>Seducci\u00f3n\/Sedu\u00e7\u00e3o - Simone | Site Oficial<\/title>\n<meta name=\"robots\" content=\"index, follow, max-snippet:-1, max-image-preview:large, max-video-preview:-1\" \/>\n<link rel=\"canonical\" href=\"https:\/\/simone.art.br\/es\/musicas\/seducao\/\" \/>\n<meta property=\"og:locale\" content=\"es_ES\" \/>\n<meta property=\"og:type\" content=\"article\" \/>\n<meta property=\"og:title\" content=\"Seducci\u00f3n\/Sedu\u00e7\u00e3o - Simone | Site Oficial\" \/>\n<meta property=\"og:description\" content=\"Este disco incluye una colaboraci\u00f3n entre Simone y el tenor Pl\u00e1cido Domingo en el tema \u00abHasta que te Ame\u00bb(\u2018Apaixonou\u2019\/ &#8216;Till I Loved You&#8217;), producido especialmente para el musical \u00abGoya: Una vida hecha canci\u00f3n\u00bb (\u2018Goya\u2026 A life in song\u2019), de Yeston.\" \/>\n<meta property=\"og:url\" content=\"https:\/\/simone.art.br\/es\/musicas\/seducao\/\" \/>\n<meta property=\"og:site_name\" content=\"Simone | Site Oficial\" \/>\n<meta property=\"article:modified_time\" content=\"2021-11-21T16:12:05+00:00\" \/>\n<meta property=\"og:image\" content=\"https:\/\/i0.wp.com\/simone.art.br\/wp-content\/uploads\/2019\/11\/1988-seducao.jpg?fit=709%2C709&ssl=1\" \/>\n\t<meta property=\"og:image:width\" content=\"709\" \/>\n\t<meta property=\"og:image:height\" content=\"709\" \/>\n\t<meta property=\"og:image:type\" content=\"image\/jpeg\" \/>\n<meta name=\"twitter:card\" content=\"summary_large_image\" \/>\n<meta name=\"twitter:label1\" content=\"Tiempo de lectura\" \/>\n\t<meta name=\"twitter:data1\" content=\"1 minuto\" \/>\n<script type=\"application\/ld+json\" class=\"yoast-schema-graph\">{\"@context\":\"https:\\\/\\\/schema.org\",\"@graph\":[{\"@type\":\"WebPage\",\"@id\":\"https:\\\/\\\/simone.art.br\\\/es\\\/musicas\\\/seducao\\\/\",\"url\":\"https:\\\/\\\/simone.art.br\\\/es\\\/musicas\\\/seducao\\\/\",\"name\":\"Seducci\u00f3n\\\/Sedu\u00e7\u00e3o - Simone | Site Oficial\",\"isPartOf\":{\"@id\":\"https:\\\/\\\/simone.art.br\\\/es\\\/#website\"},\"primaryImageOfPage\":{\"@id\":\"https:\\\/\\\/simone.art.br\\\/es\\\/musicas\\\/seducao\\\/#primaryimage\"},\"image\":{\"@id\":\"https:\\\/\\\/simone.art.br\\\/es\\\/musicas\\\/seducao\\\/#primaryimage\"},\"thumbnailUrl\":\"https:\\\/\\\/simone.art.br\\\/wp-content\\\/uploads\\\/2019\\\/11\\\/1988-seducao.jpg\",\"datePublished\":\"2019-11-27T02:02:43+00:00\",\"dateModified\":\"2021-11-21T16:12:05+00:00\",\"breadcrumb\":{\"@id\":\"https:\\\/\\\/simone.art.br\\\/es\\\/musicas\\\/seducao\\\/#breadcrumb\"},\"inLanguage\":\"es\",\"potentialAction\":[{\"@type\":\"ReadAction\",\"target\":[\"https:\\\/\\\/simone.art.br\\\/es\\\/musicas\\\/seducao\\\/\"]}]},{\"@type\":\"ImageObject\",\"inLanguage\":\"es\",\"@id\":\"https:\\\/\\\/simone.art.br\\\/es\\\/musicas\\\/seducao\\\/#primaryimage\",\"url\":\"https:\\\/\\\/simone.art.br\\\/wp-content\\\/uploads\\\/2019\\\/11\\\/1988-seducao.jpg\",\"contentUrl\":\"https:\\\/\\\/simone.art.br\\\/wp-content\\\/uploads\\\/2019\\\/11\\\/1988-seducao.jpg\",\"width\":709,\"height\":709},{\"@type\":\"BreadcrumbList\",\"@id\":\"https:\\\/\\\/simone.art.br\\\/es\\\/musicas\\\/seducao\\\/#breadcrumb\",\"itemListElement\":[{\"@type\":\"ListItem\",\"position\":1,\"name\":\"In\u00edcio\",\"item\":\"https:\\\/\\\/simone.art.br\\\/es\\\/\"},{\"@type\":\"ListItem\",\"position\":2,\"name\":\"M\u00fasicas\",\"item\":\"https:\\\/\\\/simone.art.br\\\/es\\\/musicas\\\/\"},{\"@type\":\"ListItem\",\"position\":3,\"name\":\"Seducci\u00f3n\\\/Sedu\u00e7\u00e3o\"}]},{\"@type\":\"WebSite\",\"@id\":\"https:\\\/\\\/simone.art.br\\\/es\\\/#website\",\"url\":\"https:\\\/\\\/simone.art.br\\\/es\\\/\",\"name\":\"Simone | Site Oficial\",\"description\":\"O voo da Cigarra, da inf\u00e2ncia musical aos palcos do mundo!\",\"potentialAction\":[{\"@type\":\"SearchAction\",\"target\":{\"@type\":\"EntryPoint\",\"urlTemplate\":\"https:\\\/\\\/simone.art.br\\\/es\\\/?s={search_term_string}\"},\"query-input\":{\"@type\":\"PropertyValueSpecification\",\"valueRequired\":true,\"valueName\":\"search_term_string\"}}],\"inLanguage\":\"es\"}]}<\/script>\n<!-- \/ Yoast SEO plugin. -->","yoast_head_json":{"title":"Seducci\u00f3n\/Sedu\u00e7\u00e3o - Simone | Site Oficial","robots":{"index":"index","follow":"follow","max-snippet":"max-snippet:-1","max-image-preview":"max-image-preview:large","max-video-preview":"max-video-preview:-1"},"canonical":"https:\/\/simone.art.br\/es\/musicas\/seducao\/","og_locale":"es_ES","og_type":"article","og_title":"Seducci\u00f3n\/Sedu\u00e7\u00e3o - Simone | Site Oficial","og_description":"Este disco incluye una colaboraci\u00f3n entre Simone y el tenor Pl\u00e1cido Domingo en el tema \u00abHasta que te Ame\u00bb(\u2018Apaixonou\u2019\/ &#8216;Till I Loved You&#8217;), producido especialmente para el musical \u00abGoya: Una vida hecha canci\u00f3n\u00bb (\u2018Goya\u2026 A life in song\u2019), de Yeston.","og_url":"https:\/\/simone.art.br\/es\/musicas\/seducao\/","og_site_name":"Simone | Site Oficial","article_modified_time":"2021-11-21T16:12:05+00:00","og_image":[{"width":709,"height":709,"url":"https:\/\/i0.wp.com\/simone.art.br\/wp-content\/uploads\/2019\/11\/1988-seducao.jpg?fit=709%2C709&ssl=1","type":"image\/jpeg"}],"twitter_card":"summary_large_image","twitter_misc":{"Tiempo de lectura":"1 minuto"},"schema":{"@context":"https:\/\/schema.org","@graph":[{"@type":"WebPage","@id":"https:\/\/simone.art.br\/es\/musicas\/seducao\/","url":"https:\/\/simone.art.br\/es\/musicas\/seducao\/","name":"Seducci\u00f3n\/Sedu\u00e7\u00e3o - Simone | Site Oficial","isPartOf":{"@id":"https:\/\/simone.art.br\/es\/#website"},"primaryImageOfPage":{"@id":"https:\/\/simone.art.br\/es\/musicas\/seducao\/#primaryimage"},"image":{"@id":"https:\/\/simone.art.br\/es\/musicas\/seducao\/#primaryimage"},"thumbnailUrl":"https:\/\/simone.art.br\/wp-content\/uploads\/2019\/11\/1988-seducao.jpg","datePublished":"2019-11-27T02:02:43+00:00","dateModified":"2021-11-21T16:12:05+00:00","breadcrumb":{"@id":"https:\/\/simone.art.br\/es\/musicas\/seducao\/#breadcrumb"},"inLanguage":"es","potentialAction":[{"@type":"ReadAction","target":["https:\/\/simone.art.br\/es\/musicas\/seducao\/"]}]},{"@type":"ImageObject","inLanguage":"es","@id":"https:\/\/simone.art.br\/es\/musicas\/seducao\/#primaryimage","url":"https:\/\/simone.art.br\/wp-content\/uploads\/2019\/11\/1988-seducao.jpg","contentUrl":"https:\/\/simone.art.br\/wp-content\/uploads\/2019\/11\/1988-seducao.jpg","width":709,"height":709},{"@type":"BreadcrumbList","@id":"https:\/\/simone.art.br\/es\/musicas\/seducao\/#breadcrumb","itemListElement":[{"@type":"ListItem","position":1,"name":"In\u00edcio","item":"https:\/\/simone.art.br\/es\/"},{"@type":"ListItem","position":2,"name":"M\u00fasicas","item":"https:\/\/simone.art.br\/es\/musicas\/"},{"@type":"ListItem","position":3,"name":"Seducci\u00f3n\/Sedu\u00e7\u00e3o"}]},{"@type":"WebSite","@id":"https:\/\/simone.art.br\/es\/#website","url":"https:\/\/simone.art.br\/es\/","name":"Simone | Site Oficial","description":"O voo da Cigarra, da inf\u00e2ncia musical aos palcos do mundo!","potentialAction":[{"@type":"SearchAction","target":{"@type":"EntryPoint","urlTemplate":"https:\/\/simone.art.br\/es\/?s={search_term_string}"},"query-input":{"@type":"PropertyValueSpecification","valueRequired":true,"valueName":"search_term_string"}}],"inLanguage":"es"}]}},"_links":{"self":[{"href":"https:\/\/simone.art.br\/es\/wp-json\/wp\/v2\/musicas\/5293","targetHints":{"allow":["GET"]}}],"collection":[{"href":"https:\/\/simone.art.br\/es\/wp-json\/wp\/v2\/musicas"}],"about":[{"href":"https:\/\/simone.art.br\/es\/wp-json\/wp\/v2\/types\/musicas"}],"version-history":[{"count":2,"href":"https:\/\/simone.art.br\/es\/wp-json\/wp\/v2\/musicas\/5293\/revisions"}],"predecessor-version":[{"id":5296,"href":"https:\/\/simone.art.br\/es\/wp-json\/wp\/v2\/musicas\/5293\/revisions\/5296"}],"wp:featuredmedia":[{"embeddable":true,"href":"https:\/\/simone.art.br\/es\/wp-json\/wp\/v2\/media\/4561"}],"wp:attachment":[{"href":"https:\/\/simone.art.br\/es\/wp-json\/wp\/v2\/media?parent=5293"}],"wp:term":[{"taxonomy":"categoria_de_musica","embeddable":true,"href":"https:\/\/simone.art.br\/es\/wp-json\/wp\/v2\/categoria_de_musica?post=5293"},{"taxonomy":"periodo","embeddable":true,"href":"https:\/\/simone.art.br\/es\/wp-json\/wp\/v2\/periodo?post=5293"}],"curies":[{"name":"wp","href":"https:\/\/api.w.org\/{rel}","templated":true}]}}

Seducción/Sedução

<p>Este disco incluye una colaboración entre Simone y el tenor Plácido Domingo en el tema «Hasta que te Ame»(‘Apaixonou’/ &#8216;Till I Loved You&#8217;), producido especialmente para el musical «Goya: Una vida hecha canción» (‘Goya… A life in song’), de Yeston.</p>

<!-- This site is optimized with the Yoast SEO plugin v27.4 - https://yoast.com/product/yoast-seo-wordpress/ -->
<title>Seducción/Sedução - Simone | Site Oficial</title>
<meta name="robots" content="index, follow, max-snippet:-1, max-image-preview:large, max-video-preview:-1" />
<link rel="canonical" href="https://simone.art.br/es/musicas/seducao/" />
<meta property="og:locale" content="es_ES" />
<meta property="og:type" content="article" />
<meta property="og:title" content="Seducción/Sedução - Simone | Site Oficial" />
<meta property="og:description" content="Este disco incluye una colaboración entre Simone y el tenor Plácido Domingo en el tema «Hasta que te Ame»(‘Apaixonou’/ &#8216;Till I Loved You&#8217;), producido especialmente para el musical «Goya: Una vida hecha canción» (‘Goya… A life in song’), de Yeston." />
<meta property="og:url" content="https://simone.art.br/es/musicas/seducao/" />
<meta property="og:site_name" content="Simone | Site Oficial" />
<meta property="article:modified_time" content="2021-11-21T16:12:05+00:00" />
<meta property="og:image" content="https://i0.wp.com/simone.art.br/wp-content/uploads/2019/11/1988-seducao.jpg?fit=709%2C709&ssl=1" />
	<meta property="og:image:width" content="709" />
	<meta property="og:image:height" content="709" />
	<meta property="og:image:type" content="image/jpeg" />
<meta name="twitter:card" content="summary_large_image" />
<meta name="twitter:label1" content="Tiempo de lectura" />
	<meta name="twitter:data1" content="1 minuto" />
<script type="application/ld+json" class="yoast-schema-graph">{"@context":"https:\/\/schema.org","@graph":[{"@type":"WebPage","@id":"https:\/\/simone.art.br\/es\/musicas\/seducao\/","url":"https:\/\/simone.art.br\/es\/musicas\/seducao\/","name":"Seducción\/Sedução - Simone | Site Oficial","isPartOf":{"@id":"https:\/\/simone.art.br\/es\/#website"},"primaryImageOfPage":{"@id":"https:\/\/simone.art.br\/es\/musicas\/seducao\/#primaryimage"},"image":{"@id":"https:\/\/simone.art.br\/es\/musicas\/seducao\/#primaryimage"},"thumbnailUrl":"https:\/\/simone.art.br\/wp-content\/uploads\/2019\/11\/1988-seducao.jpg","datePublished":"2019-11-27T02:02:43+00:00","dateModified":"2021-11-21T16:12:05+00:00","breadcrumb":{"@id":"https:\/\/simone.art.br\/es\/musicas\/seducao\/#breadcrumb"},"inLanguage":"es","potentialAction":[{"@type":"ReadAction","target":["https:\/\/simone.art.br\/es\/musicas\/seducao\/"]}]},{"@type":"ImageObject","inLanguage":"es","@id":"https:\/\/simone.art.br\/es\/musicas\/seducao\/#primaryimage","url":"https:\/\/simone.art.br\/wp-content\/uploads\/2019\/11\/1988-seducao.jpg","contentUrl":"https:\/\/simone.art.br\/wp-content\/uploads\/2019\/11\/1988-seducao.jpg","width":709,"height":709},{"@type":"BreadcrumbList","@id":"https:\/\/simone.art.br\/es\/musicas\/seducao\/#breadcrumb","itemListElement":[{"@type":"ListItem","position":1,"name":"Início","item":"https:\/\/simone.art.br\/es\/"},{"@type":"ListItem","position":2,"name":"Músicas","item":"https:\/\/simone.art.br\/es\/musicas\/"},{"@type":"ListItem","position":3,"name":"Seducción\/Sedução"}]},{"@type":"WebSite","@id":"https:\/\/simone.art.br\/es\/#website","url":"https:\/\/simone.art.br\/es\/","name":"Simone | Site Oficial","description":"O voo da Cigarra, da infância musical aos palcos do mundo!","potentialAction":[{"@type":"SearchAction","target":{"@type":"EntryPoint","urlTemplate":"https:\/\/simone.art.br\/es\/?s={search_term_string}"},"query-input":{"@type":"PropertyValueSpecification","valueRequired":true,"valueName":"search_term_string"}}],"inLanguage":"es"}]}</script>
<!-- / Yoast SEO plugin. -->

Seducción/Sedução - Simone | Site Oficial

Este disco incluye una colaboración entre Simone y el tenor Plácido Domingo en el tema «Hasta que te Ame»(‘Apaixonou’/ &#8216;Till I Loved You&#8217;), producido especialmente para el musical «Goya: Una vida hecha canción» (‘Goya… A life in song’), de Yeston.

Início

Músicas

O voo da Cigarra, da infância musical aos palcos do mundo!
