{"id":5297,"date":"2019-11-26T23:02:43","date_gmt":"2019-11-27T02:02:43","guid":{"rendered":"http:\/\/simone.art.br\/musicas\/vicio\/"},"modified":"2024-07-17T12:34:54","modified_gmt":"2024-07-17T15:34:54","slug":"vicio","status":"publish","type":"musicas","link":"https:\/\/simone.art.br\/es\/musicas\/vicio\/","title":{"rendered":"Vicio\/V\u00edcio"},"content":{"rendered":"\n<p>Este \u00e1lbum se grab\u00f3 a partir de una selecci\u00f3n de 10 canciones ya grabadas por otros artistas, que Simone llevaba tiempo queriendo cantar. El \u00e1lbum cuenta con la participaci\u00f3n especial de Milton Nascimento en dos canciones.<\/p>\n","protected":false},"featured_media":7124,"template":"","meta":{"inline_featured_image":false,"footnotes":""},"categoria_de_musica":[89],"periodo":[92],"class_list":["post-5297","musicas","type-musicas","status-publish","has-post-thumbnail","hentry","categoria_de_musica-album-es","periodo-anos-80-es"],"yoast_head":"<!-- This site is optimized with the Yoast SEO plugin v27.4 - https:\/\/yoast.com\/product\/yoast-seo-wordpress\/ -->\n<title>Vicio\/V\u00edcio - Simone | Site Oficial<\/title>\n<meta name=\"robots\" content=\"index, follow, max-snippet:-1, max-image-preview:large, max-video-preview:-1\" \/>\n<link rel=\"canonical\" href=\"https:\/\/simone.art.br\/es\/musicas\/vicio\/\" \/>\n<meta property=\"og:locale\" content=\"es_ES\" \/>\n<meta property=\"og:type\" content=\"article\" \/>\n<meta property=\"og:title\" content=\"Vicio\/V\u00edcio - Simone | Site Oficial\" \/>\n<meta property=\"og:description\" content=\"Este \u00e1lbum se grab\u00f3 a partir de una selecci\u00f3n de 10 canciones ya grabadas por otros artistas, que Simone llevaba tiempo queriendo cantar. El \u00e1lbum cuenta con la participaci\u00f3n especial de Milton Nascimento en dos canciones.\" \/>\n<meta property=\"og:url\" content=\"https:\/\/simone.art.br\/es\/musicas\/vicio\/\" \/>\n<meta property=\"og:site_name\" content=\"Simone | Site Oficial\" \/>\n<meta property=\"article:modified_time\" content=\"2024-07-17T15:34:54+00:00\" \/>\n<meta property=\"og:image\" content=\"http:\/\/simone.art.br\/wp-content\/uploads\/2019\/11\/Screenshot_20231217_203408_YouTube.jpg\" \/>\n\t<meta property=\"og:image:width\" content=\"1080\" \/>\n\t<meta property=\"og:image:height\" content=\"1070\" \/>\n\t<meta property=\"og:image:type\" content=\"image\/jpeg\" \/>\n<meta name=\"twitter:card\" content=\"summary_large_image\" \/>\n<meta name=\"twitter:label1\" content=\"Tiempo de lectura\" \/>\n\t<meta name=\"twitter:data1\" content=\"1 minuto\" \/>\n<script type=\"application\/ld+json\" class=\"yoast-schema-graph\">{\"@context\":\"https:\\\/\\\/schema.org\",\"@graph\":[{\"@type\":\"WebPage\",\"@id\":\"https:\\\/\\\/simone.art.br\\\/es\\\/musicas\\\/vicio\\\/\",\"url\":\"https:\\\/\\\/simone.art.br\\\/es\\\/musicas\\\/vicio\\\/\",\"name\":\"Vicio\\\/V\u00edcio - Simone | Site Oficial\",\"isPartOf\":{\"@id\":\"https:\\\/\\\/simone.art.br\\\/es\\\/#website\"},\"primaryImageOfPage\":{\"@id\":\"https:\\\/\\\/simone.art.br\\\/es\\\/musicas\\\/vicio\\\/#primaryimage\"},\"image\":{\"@id\":\"https:\\\/\\\/simone.art.br\\\/es\\\/musicas\\\/vicio\\\/#primaryimage\"},\"thumbnailUrl\":\"https:\\\/\\\/simone.art.br\\\/wp-content\\\/uploads\\\/2019\\\/11\\\/Screenshot_20231217_203408_YouTube.jpg\",\"datePublished\":\"2019-11-27T02:02:43+00:00\",\"dateModified\":\"2024-07-17T15:34:54+00:00\",\"breadcrumb\":{\"@id\":\"https:\\\/\\\/simone.art.br\\\/es\\\/musicas\\\/vicio\\\/#breadcrumb\"},\"inLanguage\":\"es\",\"potentialAction\":[{\"@type\":\"ReadAction\",\"target\":[\"https:\\\/\\\/simone.art.br\\\/es\\\/musicas\\\/vicio\\\/\"]}]},{\"@type\":\"ImageObject\",\"inLanguage\":\"es\",\"@id\":\"https:\\\/\\\/simone.art.br\\\/es\\\/musicas\\\/vicio\\\/#primaryimage\",\"url\":\"https:\\\/\\\/simone.art.br\\\/wp-content\\\/uploads\\\/2019\\\/11\\\/Screenshot_20231217_203408_YouTube.jpg\",\"contentUrl\":\"https:\\\/\\\/simone.art.br\\\/wp-content\\\/uploads\\\/2019\\\/11\\\/Screenshot_20231217_203408_YouTube.jpg\",\"width\":1080,\"height\":1070},{\"@type\":\"BreadcrumbList\",\"@id\":\"https:\\\/\\\/simone.art.br\\\/es\\\/musicas\\\/vicio\\\/#breadcrumb\",\"itemListElement\":[{\"@type\":\"ListItem\",\"position\":1,\"name\":\"In\u00edcio\",\"item\":\"https:\\\/\\\/simone.art.br\\\/es\\\/\"},{\"@type\":\"ListItem\",\"position\":2,\"name\":\"M\u00fasicas\",\"item\":\"https:\\\/\\\/simone.art.br\\\/es\\\/musicas\\\/\"},{\"@type\":\"ListItem\",\"position\":3,\"name\":\"Vicio\\\/V\u00edcio\"}]},{\"@type\":\"WebSite\",\"@id\":\"https:\\\/\\\/simone.art.br\\\/es\\\/#website\",\"url\":\"https:\\\/\\\/simone.art.br\\\/es\\\/\",\"name\":\"Simone | Site Oficial\",\"description\":\"O voo da Cigarra, da inf\u00e2ncia musical aos palcos do mundo!\",\"potentialAction\":[{\"@type\":\"SearchAction\",\"target\":{\"@type\":\"EntryPoint\",\"urlTemplate\":\"https:\\\/\\\/simone.art.br\\\/es\\\/?s={search_term_string}\"},\"query-input\":{\"@type\":\"PropertyValueSpecification\",\"valueRequired\":true,\"valueName\":\"search_term_string\"}}],\"inLanguage\":\"es\"}]}<\/script>\n<!-- \/ Yoast SEO plugin. -->","yoast_head_json":{"title":"Vicio\/V\u00edcio - Simone | Site Oficial","robots":{"index":"index","follow":"follow","max-snippet":"max-snippet:-1","max-image-preview":"max-image-preview:large","max-video-preview":"max-video-preview:-1"},"canonical":"https:\/\/simone.art.br\/es\/musicas\/vicio\/","og_locale":"es_ES","og_type":"article","og_title":"Vicio\/V\u00edcio - Simone | Site Oficial","og_description":"Este \u00e1lbum se grab\u00f3 a partir de una selecci\u00f3n de 10 canciones ya grabadas por otros artistas, que Simone llevaba tiempo queriendo cantar. El \u00e1lbum cuenta con la participaci\u00f3n especial de Milton Nascimento en dos canciones.","og_url":"https:\/\/simone.art.br\/es\/musicas\/vicio\/","og_site_name":"Simone | Site Oficial","article_modified_time":"2024-07-17T15:34:54+00:00","og_image":[{"width":1080,"height":1070,"url":"http:\/\/simone.art.br\/wp-content\/uploads\/2019\/11\/Screenshot_20231217_203408_YouTube.jpg","type":"image\/jpeg"}],"twitter_card":"summary_large_image","twitter_misc":{"Tiempo de lectura":"1 minuto"},"schema":{"@context":"https:\/\/schema.org","@graph":[{"@type":"WebPage","@id":"https:\/\/simone.art.br\/es\/musicas\/vicio\/","url":"https:\/\/simone.art.br\/es\/musicas\/vicio\/","name":"Vicio\/V\u00edcio - Simone | Site Oficial","isPartOf":{"@id":"https:\/\/simone.art.br\/es\/#website"},"primaryImageOfPage":{"@id":"https:\/\/simone.art.br\/es\/musicas\/vicio\/#primaryimage"},"image":{"@id":"https:\/\/simone.art.br\/es\/musicas\/vicio\/#primaryimage"},"thumbnailUrl":"https:\/\/simone.art.br\/wp-content\/uploads\/2019\/11\/Screenshot_20231217_203408_YouTube.jpg","datePublished":"2019-11-27T02:02:43+00:00","dateModified":"2024-07-17T15:34:54+00:00","breadcrumb":{"@id":"https:\/\/simone.art.br\/es\/musicas\/vicio\/#breadcrumb"},"inLanguage":"es","potentialAction":[{"@type":"ReadAction","target":["https:\/\/simone.art.br\/es\/musicas\/vicio\/"]}]},{"@type":"ImageObject","inLanguage":"es","@id":"https:\/\/simone.art.br\/es\/musicas\/vicio\/#primaryimage","url":"https:\/\/simone.art.br\/wp-content\/uploads\/2019\/11\/Screenshot_20231217_203408_YouTube.jpg","contentUrl":"https:\/\/simone.art.br\/wp-content\/uploads\/2019\/11\/Screenshot_20231217_203408_YouTube.jpg","width":1080,"height":1070},{"@type":"BreadcrumbList","@id":"https:\/\/simone.art.br\/es\/musicas\/vicio\/#breadcrumb","itemListElement":[{"@type":"ListItem","position":1,"name":"In\u00edcio","item":"https:\/\/simone.art.br\/es\/"},{"@type":"ListItem","position":2,"name":"M\u00fasicas","item":"https:\/\/simone.art.br\/es\/musicas\/"},{"@type":"ListItem","position":3,"name":"Vicio\/V\u00edcio"}]},{"@type":"WebSite","@id":"https:\/\/simone.art.br\/es\/#website","url":"https:\/\/simone.art.br\/es\/","name":"Simone | Site Oficial","description":"O voo da Cigarra, da inf\u00e2ncia musical aos palcos do mundo!","potentialAction":[{"@type":"SearchAction","target":{"@type":"EntryPoint","urlTemplate":"https:\/\/simone.art.br\/es\/?s={search_term_string}"},"query-input":{"@type":"PropertyValueSpecification","valueRequired":true,"valueName":"search_term_string"}}],"inLanguage":"es"}]}},"_links":{"self":[{"href":"https:\/\/simone.art.br\/es\/wp-json\/wp\/v2\/musicas\/5297","targetHints":{"allow":["GET"]}}],"collection":[{"href":"https:\/\/simone.art.br\/es\/wp-json\/wp\/v2\/musicas"}],"about":[{"href":"https:\/\/simone.art.br\/es\/wp-json\/wp\/v2\/types\/musicas"}],"version-history":[{"count":2,"href":"https:\/\/simone.art.br\/es\/wp-json\/wp\/v2\/musicas\/5297\/revisions"}],"predecessor-version":[{"id":5299,"href":"https:\/\/simone.art.br\/es\/wp-json\/wp\/v2\/musicas\/5297\/revisions\/5299"}],"wp:featuredmedia":[{"embeddable":true,"href":"https:\/\/simone.art.br\/es\/wp-json\/wp\/v2\/media\/7124"}],"wp:attachment":[{"href":"https:\/\/simone.art.br\/es\/wp-json\/wp\/v2\/media?parent=5297"}],"wp:term":[{"taxonomy":"categoria_de_musica","embeddable":true,"href":"https:\/\/simone.art.br\/es\/wp-json\/wp\/v2\/categoria_de_musica?post=5297"},{"taxonomy":"periodo","embeddable":true,"href":"https:\/\/simone.art.br\/es\/wp-json\/wp\/v2\/periodo?post=5297"}],"curies":[{"name":"wp","href":"https:\/\/api.w.org\/{rel}","templated":true}]}}

Vicio/Vício

<p>Este álbum se grabó a partir de una selección de 10 canciones ya grabadas por otros artistas, que Simone llevaba tiempo queriendo cantar. El álbum cuenta con la participación especial de Milton Nascimento en dos canciones.</p>

<!-- This site is optimized with the Yoast SEO plugin v27.4 - https://yoast.com/product/yoast-seo-wordpress/ -->
<title>Vicio/Vício - Simone | Site Oficial</title>
<meta name="robots" content="index, follow, max-snippet:-1, max-image-preview:large, max-video-preview:-1" />
<link rel="canonical" href="https://simone.art.br/es/musicas/vicio/" />
<meta property="og:locale" content="es_ES" />
<meta property="og:type" content="article" />
<meta property="og:title" content="Vicio/Vício - Simone | Site Oficial" />
<meta property="og:description" content="Este álbum se grabó a partir de una selección de 10 canciones ya grabadas por otros artistas, que Simone llevaba tiempo queriendo cantar. El álbum cuenta con la participación especial de Milton Nascimento en dos canciones." />
<meta property="og:url" content="https://simone.art.br/es/musicas/vicio/" />
<meta property="og:site_name" content="Simone | Site Oficial" />
<meta property="article:modified_time" content="2024-07-17T15:34:54+00:00" />
<meta property="og:image" content="http://simone.art.br/wp-content/uploads/2019/11/Screenshot_20231217_203408_YouTube.jpg" />
	<meta property="og:image:width" content="1080" />
	<meta property="og:image:height" content="1070" />
	<meta property="og:image:type" content="image/jpeg" />
<meta name="twitter:card" content="summary_large_image" />
<meta name="twitter:label1" content="Tiempo de lectura" />
	<meta name="twitter:data1" content="1 minuto" />
<script type="application/ld+json" class="yoast-schema-graph">{"@context":"https:\/\/schema.org","@graph":[{"@type":"WebPage","@id":"https:\/\/simone.art.br\/es\/musicas\/vicio\/","url":"https:\/\/simone.art.br\/es\/musicas\/vicio\/","name":"Vicio\/Vício - Simone | Site Oficial","isPartOf":{"@id":"https:\/\/simone.art.br\/es\/#website"},"primaryImageOfPage":{"@id":"https:\/\/simone.art.br\/es\/musicas\/vicio\/#primaryimage"},"image":{"@id":"https:\/\/simone.art.br\/es\/musicas\/vicio\/#primaryimage"},"thumbnailUrl":"https:\/\/simone.art.br\/wp-content\/uploads\/2019\/11\/Screenshot_20231217_203408_YouTube.jpg","datePublished":"2019-11-27T02:02:43+00:00","dateModified":"2024-07-17T15:34:54+00:00","breadcrumb":{"@id":"https:\/\/simone.art.br\/es\/musicas\/vicio\/#breadcrumb"},"inLanguage":"es","potentialAction":[{"@type":"ReadAction","target":["https:\/\/simone.art.br\/es\/musicas\/vicio\/"]}]},{"@type":"ImageObject","inLanguage":"es","@id":"https:\/\/simone.art.br\/es\/musicas\/vicio\/#primaryimage","url":"https:\/\/simone.art.br\/wp-content\/uploads\/2019\/11\/Screenshot_20231217_203408_YouTube.jpg","contentUrl":"https:\/\/simone.art.br\/wp-content\/uploads\/2019\/11\/Screenshot_20231217_203408_YouTube.jpg","width":1080,"height":1070},{"@type":"BreadcrumbList","@id":"https:\/\/simone.art.br\/es\/musicas\/vicio\/#breadcrumb","itemListElement":[{"@type":"ListItem","position":1,"name":"Início","item":"https:\/\/simone.art.br\/es\/"},{"@type":"ListItem","position":2,"name":"Músicas","item":"https:\/\/simone.art.br\/es\/musicas\/"},{"@type":"ListItem","position":3,"name":"Vicio\/Vício"}]},{"@type":"WebSite","@id":"https:\/\/simone.art.br\/es\/#website","url":"https:\/\/simone.art.br\/es\/","name":"Simone | Site Oficial","description":"O voo da Cigarra, da infância musical aos palcos do mundo!","potentialAction":[{"@type":"SearchAction","target":{"@type":"EntryPoint","urlTemplate":"https:\/\/simone.art.br\/es\/?s={search_term_string}"},"query-input":{"@type":"PropertyValueSpecification","valueRequired":true,"valueName":"search_term_string"}}],"inLanguage":"es"}]}</script>
<!-- / Yoast SEO plugin. -->

Vicio/Vício - Simone | Site Oficial

Este álbum se grabó a partir de una selección de 10 canciones ya grabadas por otros artistas, que Simone llevaba tiempo queriendo cantar. El álbum cuenta con la participación especial de Milton Nascimento en dos canciones.

Início

Músicas

O voo da Cigarra, da infância musical aos palcos do mundo!
