{"id":5359,"date":"2019-11-26T23:02:43","date_gmt":"2019-11-27T02:02:43","guid":{"rendered":"http:\/\/simone.art.br\/musicas\/brasil-export-73-ago-kelofe-a-bruxelas\/"},"modified":"2021-11-21T17:18:08","modified_gmt":"2021-11-21T20:18:08","slug":"brasil-export-73-ago-kelofe-a-bruxelas","status":"publish","type":"musicas","link":"https:\/\/simone.art.br\/es\/musicas\/brasil-export-73-ago-kelofe-a-bruxelas\/","title":{"rendered":"Brasil Export 73 &#8211; Ag\u00f4 Kelof\u00e9 &#8211; \u00c0 Bruxelas"},"content":{"rendered":"\n<p>Producido por Herm\u00ednio Bello de Carvalho, el \u00e1lbum incluye canciones de Simone, Roberto Ribeiro y Jo\u00e3o de Aquino. El disco se lanz\u00f3 inicialmente solo para el mercado internacional.<\/p>\n","protected":false},"featured_media":4558,"template":"","meta":{"inline_featured_image":false,"footnotes":""},"categoria_de_musica":[89],"periodo":[93],"class_list":["post-5359","musicas","type-musicas","status-publish","has-post-thumbnail","hentry","categoria_de_musica-album-es","periodo-anos-70-es"],"yoast_head":"<!-- This site is optimized with the Yoast SEO plugin v27.5 - https:\/\/yoast.com\/product\/yoast-seo-wordpress\/ -->\n<title>Brasil Export 73 - Ag\u00f4 Kelof\u00e9 - \u00c0 Bruxelas - Simone | Site Oficial<\/title>\n<meta name=\"robots\" content=\"index, follow, max-snippet:-1, max-image-preview:large, max-video-preview:-1\" \/>\n<link rel=\"canonical\" href=\"https:\/\/simone.art.br\/es\/musicas\/brasil-export-73-ago-kelofe-a-bruxelas\/\" \/>\n<meta property=\"og:locale\" content=\"es_ES\" \/>\n<meta property=\"og:type\" content=\"article\" \/>\n<meta property=\"og:title\" content=\"Brasil Export 73 - Ag\u00f4 Kelof\u00e9 - \u00c0 Bruxelas - Simone | Site Oficial\" \/>\n<meta property=\"og:description\" content=\"Producido por Herm\u00ednio Bello de Carvalho, el \u00e1lbum incluye canciones de Simone, Roberto Ribeiro y Jo\u00e3o de Aquino. El disco se lanz\u00f3 inicialmente solo para el mercado internacional.\" \/>\n<meta property=\"og:url\" content=\"https:\/\/simone.art.br\/es\/musicas\/brasil-export-73-ago-kelofe-a-bruxelas\/\" \/>\n<meta property=\"og:site_name\" content=\"Simone | Site Oficial\" \/>\n<meta property=\"article:modified_time\" content=\"2021-11-21T20:18:08+00:00\" \/>\n<meta property=\"og:image\" content=\"https:\/\/i0.wp.com\/simone.art.br\/wp-content\/uploads\/2019\/11\/d_1973_brasil_export.jpg?fit=500%2C500&ssl=1\" \/>\n\t<meta property=\"og:image:width\" content=\"500\" \/>\n\t<meta property=\"og:image:height\" content=\"500\" \/>\n\t<meta property=\"og:image:type\" content=\"image\/jpeg\" \/>\n<meta name=\"twitter:card\" content=\"summary_large_image\" \/>\n<meta name=\"twitter:label1\" content=\"Tiempo de lectura\" \/>\n\t<meta name=\"twitter:data1\" content=\"1 minuto\" \/>\n<script type=\"application\/ld+json\" class=\"yoast-schema-graph\">{\"@context\":\"https:\\\/\\\/schema.org\",\"@graph\":[{\"@type\":\"WebPage\",\"@id\":\"https:\\\/\\\/simone.art.br\\\/es\\\/musicas\\\/brasil-export-73-ago-kelofe-a-bruxelas\\\/\",\"url\":\"https:\\\/\\\/simone.art.br\\\/es\\\/musicas\\\/brasil-export-73-ago-kelofe-a-bruxelas\\\/\",\"name\":\"Brasil Export 73 - Ag\u00f4 Kelof\u00e9 - \u00c0 Bruxelas - Simone | Site Oficial\",\"isPartOf\":{\"@id\":\"https:\\\/\\\/simone.art.br\\\/es\\\/#website\"},\"primaryImageOfPage\":{\"@id\":\"https:\\\/\\\/simone.art.br\\\/es\\\/musicas\\\/brasil-export-73-ago-kelofe-a-bruxelas\\\/#primaryimage\"},\"image\":{\"@id\":\"https:\\\/\\\/simone.art.br\\\/es\\\/musicas\\\/brasil-export-73-ago-kelofe-a-bruxelas\\\/#primaryimage\"},\"thumbnailUrl\":\"https:\\\/\\\/simone.art.br\\\/wp-content\\\/uploads\\\/2019\\\/11\\\/d_1973_brasil_export.jpg\",\"datePublished\":\"2019-11-27T02:02:43+00:00\",\"dateModified\":\"2021-11-21T20:18:08+00:00\",\"breadcrumb\":{\"@id\":\"https:\\\/\\\/simone.art.br\\\/es\\\/musicas\\\/brasil-export-73-ago-kelofe-a-bruxelas\\\/#breadcrumb\"},\"inLanguage\":\"es\",\"potentialAction\":[{\"@type\":\"ReadAction\",\"target\":[\"https:\\\/\\\/simone.art.br\\\/es\\\/musicas\\\/brasil-export-73-ago-kelofe-a-bruxelas\\\/\"]}]},{\"@type\":\"ImageObject\",\"inLanguage\":\"es\",\"@id\":\"https:\\\/\\\/simone.art.br\\\/es\\\/musicas\\\/brasil-export-73-ago-kelofe-a-bruxelas\\\/#primaryimage\",\"url\":\"https:\\\/\\\/simone.art.br\\\/wp-content\\\/uploads\\\/2019\\\/11\\\/d_1973_brasil_export.jpg\",\"contentUrl\":\"https:\\\/\\\/simone.art.br\\\/wp-content\\\/uploads\\\/2019\\\/11\\\/d_1973_brasil_export.jpg\",\"width\":500,\"height\":500},{\"@type\":\"BreadcrumbList\",\"@id\":\"https:\\\/\\\/simone.art.br\\\/es\\\/musicas\\\/brasil-export-73-ago-kelofe-a-bruxelas\\\/#breadcrumb\",\"itemListElement\":[{\"@type\":\"ListItem\",\"position\":1,\"name\":\"In\u00edcio\",\"item\":\"https:\\\/\\\/simone.art.br\\\/es\\\/\"},{\"@type\":\"ListItem\",\"position\":2,\"name\":\"M\u00fasicas\",\"item\":\"https:\\\/\\\/simone.art.br\\\/es\\\/musicas\\\/\"},{\"@type\":\"ListItem\",\"position\":3,\"name\":\"Brasil Export 73 &#8211; Ag\u00f4 Kelof\u00e9 &#8211; \u00c0 Bruxelas\"}]},{\"@type\":\"WebSite\",\"@id\":\"https:\\\/\\\/simone.art.br\\\/es\\\/#website\",\"url\":\"https:\\\/\\\/simone.art.br\\\/es\\\/\",\"name\":\"Simone | Site Oficial\",\"description\":\"O voo da Cigarra, da inf\u00e2ncia musical aos palcos do mundo!\",\"potentialAction\":[{\"@type\":\"SearchAction\",\"target\":{\"@type\":\"EntryPoint\",\"urlTemplate\":\"https:\\\/\\\/simone.art.br\\\/es\\\/?s={search_term_string}\"},\"query-input\":{\"@type\":\"PropertyValueSpecification\",\"valueRequired\":true,\"valueName\":\"search_term_string\"}}],\"inLanguage\":\"es\"}]}<\/script>\n<!-- \/ Yoast SEO plugin. -->","yoast_head_json":{"title":"Brasil Export 73 - Ag\u00f4 Kelof\u00e9 - \u00c0 Bruxelas - Simone | Site Oficial","robots":{"index":"index","follow":"follow","max-snippet":"max-snippet:-1","max-image-preview":"max-image-preview:large","max-video-preview":"max-video-preview:-1"},"canonical":"https:\/\/simone.art.br\/es\/musicas\/brasil-export-73-ago-kelofe-a-bruxelas\/","og_locale":"es_ES","og_type":"article","og_title":"Brasil Export 73 - Ag\u00f4 Kelof\u00e9 - \u00c0 Bruxelas - Simone | Site Oficial","og_description":"Producido por Herm\u00ednio Bello de Carvalho, el \u00e1lbum incluye canciones de Simone, Roberto Ribeiro y Jo\u00e3o de Aquino. El disco se lanz\u00f3 inicialmente solo para el mercado internacional.","og_url":"https:\/\/simone.art.br\/es\/musicas\/brasil-export-73-ago-kelofe-a-bruxelas\/","og_site_name":"Simone | Site Oficial","article_modified_time":"2021-11-21T20:18:08+00:00","og_image":[{"width":500,"height":500,"url":"https:\/\/i0.wp.com\/simone.art.br\/wp-content\/uploads\/2019\/11\/d_1973_brasil_export.jpg?fit=500%2C500&ssl=1","type":"image\/jpeg"}],"twitter_card":"summary_large_image","twitter_misc":{"Tiempo de lectura":"1 minuto"},"schema":{"@context":"https:\/\/schema.org","@graph":[{"@type":"WebPage","@id":"https:\/\/simone.art.br\/es\/musicas\/brasil-export-73-ago-kelofe-a-bruxelas\/","url":"https:\/\/simone.art.br\/es\/musicas\/brasil-export-73-ago-kelofe-a-bruxelas\/","name":"Brasil Export 73 - Ag\u00f4 Kelof\u00e9 - \u00c0 Bruxelas - Simone | Site Oficial","isPartOf":{"@id":"https:\/\/simone.art.br\/es\/#website"},"primaryImageOfPage":{"@id":"https:\/\/simone.art.br\/es\/musicas\/brasil-export-73-ago-kelofe-a-bruxelas\/#primaryimage"},"image":{"@id":"https:\/\/simone.art.br\/es\/musicas\/brasil-export-73-ago-kelofe-a-bruxelas\/#primaryimage"},"thumbnailUrl":"https:\/\/simone.art.br\/wp-content\/uploads\/2019\/11\/d_1973_brasil_export.jpg","datePublished":"2019-11-27T02:02:43+00:00","dateModified":"2021-11-21T20:18:08+00:00","breadcrumb":{"@id":"https:\/\/simone.art.br\/es\/musicas\/brasil-export-73-ago-kelofe-a-bruxelas\/#breadcrumb"},"inLanguage":"es","potentialAction":[{"@type":"ReadAction","target":["https:\/\/simone.art.br\/es\/musicas\/brasil-export-73-ago-kelofe-a-bruxelas\/"]}]},{"@type":"ImageObject","inLanguage":"es","@id":"https:\/\/simone.art.br\/es\/musicas\/brasil-export-73-ago-kelofe-a-bruxelas\/#primaryimage","url":"https:\/\/simone.art.br\/wp-content\/uploads\/2019\/11\/d_1973_brasil_export.jpg","contentUrl":"https:\/\/simone.art.br\/wp-content\/uploads\/2019\/11\/d_1973_brasil_export.jpg","width":500,"height":500},{"@type":"BreadcrumbList","@id":"https:\/\/simone.art.br\/es\/musicas\/brasil-export-73-ago-kelofe-a-bruxelas\/#breadcrumb","itemListElement":[{"@type":"ListItem","position":1,"name":"In\u00edcio","item":"https:\/\/simone.art.br\/es\/"},{"@type":"ListItem","position":2,"name":"M\u00fasicas","item":"https:\/\/simone.art.br\/es\/musicas\/"},{"@type":"ListItem","position":3,"name":"Brasil Export 73 &#8211; Ag\u00f4 Kelof\u00e9 &#8211; \u00c0 Bruxelas"}]},{"@type":"WebSite","@id":"https:\/\/simone.art.br\/es\/#website","url":"https:\/\/simone.art.br\/es\/","name":"Simone | Site Oficial","description":"O voo da Cigarra, da inf\u00e2ncia musical aos palcos do mundo!","potentialAction":[{"@type":"SearchAction","target":{"@type":"EntryPoint","urlTemplate":"https:\/\/simone.art.br\/es\/?s={search_term_string}"},"query-input":{"@type":"PropertyValueSpecification","valueRequired":true,"valueName":"search_term_string"}}],"inLanguage":"es"}]}},"_links":{"self":[{"href":"https:\/\/simone.art.br\/es\/wp-json\/wp\/v2\/musicas\/5359","targetHints":{"allow":["GET"]}}],"collection":[{"href":"https:\/\/simone.art.br\/es\/wp-json\/wp\/v2\/musicas"}],"about":[{"href":"https:\/\/simone.art.br\/es\/wp-json\/wp\/v2\/types\/musicas"}],"version-history":[{"count":2,"href":"https:\/\/simone.art.br\/es\/wp-json\/wp\/v2\/musicas\/5359\/revisions"}],"predecessor-version":[{"id":5361,"href":"https:\/\/simone.art.br\/es\/wp-json\/wp\/v2\/musicas\/5359\/revisions\/5361"}],"wp:featuredmedia":[{"embeddable":true,"href":"https:\/\/simone.art.br\/es\/wp-json\/wp\/v2\/media\/4558"}],"wp:attachment":[{"href":"https:\/\/simone.art.br\/es\/wp-json\/wp\/v2\/media?parent=5359"}],"wp:term":[{"taxonomy":"categoria_de_musica","embeddable":true,"href":"https:\/\/simone.art.br\/es\/wp-json\/wp\/v2\/categoria_de_musica?post=5359"},{"taxonomy":"periodo","embeddable":true,"href":"https:\/\/simone.art.br\/es\/wp-json\/wp\/v2\/periodo?post=5359"}],"curies":[{"name":"wp","href":"https:\/\/api.w.org\/{rel}","templated":true}]}}

Brasil Export 73 &#8211; Agô Kelofé &#8211; À Bruxelas

<p>Producido por Hermínio Bello de Carvalho, el álbum incluye canciones de Simone, Roberto Ribeiro y João de Aquino. El disco se lanzó inicialmente solo para el mercado internacional.</p>

<!-- This site is optimized with the Yoast SEO plugin v27.5 - https://yoast.com/product/yoast-seo-wordpress/ -->
<title>Brasil Export 73 - Agô Kelofé - À Bruxelas - Simone | Site Oficial</title>
<meta name="robots" content="index, follow, max-snippet:-1, max-image-preview:large, max-video-preview:-1" />
<link rel="canonical" href="https://simone.art.br/es/musicas/brasil-export-73-ago-kelofe-a-bruxelas/" />
<meta property="og:locale" content="es_ES" />
<meta property="og:type" content="article" />
<meta property="og:title" content="Brasil Export 73 - Agô Kelofé - À Bruxelas - Simone | Site Oficial" />
<meta property="og:description" content="Producido por Hermínio Bello de Carvalho, el álbum incluye canciones de Simone, Roberto Ribeiro y João de Aquino. El disco se lanzó inicialmente solo para el mercado internacional." />
<meta property="og:url" content="https://simone.art.br/es/musicas/brasil-export-73-ago-kelofe-a-bruxelas/" />
<meta property="og:site_name" content="Simone | Site Oficial" />
<meta property="article:modified_time" content="2021-11-21T20:18:08+00:00" />
<meta property="og:image" content="https://i0.wp.com/simone.art.br/wp-content/uploads/2019/11/d_1973_brasil_export.jpg?fit=500%2C500&ssl=1" />
	<meta property="og:image:width" content="500" />
	<meta property="og:image:height" content="500" />
	<meta property="og:image:type" content="image/jpeg" />
<meta name="twitter:card" content="summary_large_image" />
<meta name="twitter:label1" content="Tiempo de lectura" />
	<meta name="twitter:data1" content="1 minuto" />
<script type="application/ld+json" class="yoast-schema-graph">{"@context":"https:\/\/schema.org","@graph":[{"@type":"WebPage","@id":"https:\/\/simone.art.br\/es\/musicas\/brasil-export-73-ago-kelofe-a-bruxelas\/","url":"https:\/\/simone.art.br\/es\/musicas\/brasil-export-73-ago-kelofe-a-bruxelas\/","name":"Brasil Export 73 - Agô Kelofé - À Bruxelas - Simone | Site Oficial","isPartOf":{"@id":"https:\/\/simone.art.br\/es\/#website"},"primaryImageOfPage":{"@id":"https:\/\/simone.art.br\/es\/musicas\/brasil-export-73-ago-kelofe-a-bruxelas\/#primaryimage"},"image":{"@id":"https:\/\/simone.art.br\/es\/musicas\/brasil-export-73-ago-kelofe-a-bruxelas\/#primaryimage"},"thumbnailUrl":"https:\/\/simone.art.br\/wp-content\/uploads\/2019\/11\/d_1973_brasil_export.jpg","datePublished":"2019-11-27T02:02:43+00:00","dateModified":"2021-11-21T20:18:08+00:00","breadcrumb":{"@id":"https:\/\/simone.art.br\/es\/musicas\/brasil-export-73-ago-kelofe-a-bruxelas\/#breadcrumb"},"inLanguage":"es","potentialAction":[{"@type":"ReadAction","target":["https:\/\/simone.art.br\/es\/musicas\/brasil-export-73-ago-kelofe-a-bruxelas\/"]}]},{"@type":"ImageObject","inLanguage":"es","@id":"https:\/\/simone.art.br\/es\/musicas\/brasil-export-73-ago-kelofe-a-bruxelas\/#primaryimage","url":"https:\/\/simone.art.br\/wp-content\/uploads\/2019\/11\/d_1973_brasil_export.jpg","contentUrl":"https:\/\/simone.art.br\/wp-content\/uploads\/2019\/11\/d_1973_brasil_export.jpg","width":500,"height":500},{"@type":"BreadcrumbList","@id":"https:\/\/simone.art.br\/es\/musicas\/brasil-export-73-ago-kelofe-a-bruxelas\/#breadcrumb","itemListElement":[{"@type":"ListItem","position":1,"name":"Início","item":"https:\/\/simone.art.br\/es\/"},{"@type":"ListItem","position":2,"name":"Músicas","item":"https:\/\/simone.art.br\/es\/musicas\/"},{"@type":"ListItem","position":3,"name":"Brasil Export 73 &#8211; Agô Kelofé &#8211; À Bruxelas"}]},{"@type":"WebSite","@id":"https:\/\/simone.art.br\/es\/#website","url":"https:\/\/simone.art.br\/es\/","name":"Simone | Site Oficial","description":"O voo da Cigarra, da infância musical aos palcos do mundo!","potentialAction":[{"@type":"SearchAction","target":{"@type":"EntryPoint","urlTemplate":"https:\/\/simone.art.br\/es\/?s={search_term_string}"},"query-input":{"@type":"PropertyValueSpecification","valueRequired":true,"valueName":"search_term_string"}}],"inLanguage":"es"}]}</script>
<!-- / Yoast SEO plugin. -->

Brasil Export 73 - Agô Kelofé - À Bruxelas - Simone | Site Oficial

Producido por Hermínio Bello de Carvalho, el álbum incluye canciones de Simone, Roberto Ribeiro y João de Aquino. El disco se lanzó inicialmente solo para el mercado internacional.

Início

Músicas

O voo da Cigarra, da infância musical aos palcos do mundo!
