{"id":5846,"date":"2022-05-23T16:26:02","date_gmt":"2022-05-23T19:26:02","guid":{"rendered":"http:\/\/simone.art.br\/?post_type=musicas&#038;p=5846"},"modified":"2022-05-23T16:28:43","modified_gmt":"2022-05-23T19:28:43","slug":"da-gente","status":"publish","type":"musicas","link":"https:\/\/simone.art.br\/es\/musicas\/da-gente\/","title":{"rendered":"Da Gente"},"content":{"rendered":"\n<p>\u00c1lbum que da el pistoletazo de salida a los festejos por el 50 aniversario de la carrera de Simone, que espera con ansias un reencuentro cara a cara con el p\u00fablico pospandemia. Despu\u00e9s de todo, ella siempre fue una cantante para nosotros. Del pueblo brasile\u00f1o.<\/p>\n","protected":false},"featured_media":5771,"template":"","meta":{"inline_featured_image":false,"footnotes":""},"categoria_de_musica":[89],"periodo":[90],"class_list":["post-5846","musicas","type-musicas","status-publish","has-post-thumbnail","hentry","categoria_de_musica-album-es","periodo-anos-2010-es"],"yoast_head":"<!-- This site is optimized with the Yoast SEO plugin v27.4 - https:\/\/yoast.com\/product\/yoast-seo-wordpress\/ -->\n<title>Da Gente - Simone | Site Oficial<\/title>\n<meta name=\"robots\" content=\"index, follow, max-snippet:-1, max-image-preview:large, max-video-preview:-1\" \/>\n<link rel=\"canonical\" href=\"https:\/\/simone.art.br\/es\/musicas\/da-gente\/\" \/>\n<meta property=\"og:locale\" content=\"es_ES\" \/>\n<meta property=\"og:type\" content=\"article\" \/>\n<meta property=\"og:title\" content=\"Da Gente - Simone | Site Oficial\" \/>\n<meta property=\"og:description\" content=\"\u00c1lbum que da el pistoletazo de salida a los festejos por el 50 aniversario de la carrera de Simone, que espera con ansias un reencuentro cara a cara con el p\u00fablico pospandemia. Despu\u00e9s de todo, ella siempre fue una cantante [&hellip;]\" \/>\n<meta property=\"og:url\" content=\"https:\/\/simone.art.br\/es\/musicas\/da-gente\/\" \/>\n<meta property=\"og:site_name\" content=\"Simone | Site Oficial\" \/>\n<meta property=\"article:modified_time\" content=\"2022-05-23T19:28:43+00:00\" \/>\n<meta property=\"og:image\" content=\"https:\/\/i0.wp.com\/simone.art.br\/wp-content\/uploads\/2022\/03\/simone-album-da-gente-capa.jpg?fit=1000%2C1000&ssl=1\" \/>\n\t<meta property=\"og:image:width\" content=\"1000\" \/>\n\t<meta property=\"og:image:height\" content=\"1000\" \/>\n\t<meta property=\"og:image:type\" content=\"image\/jpeg\" \/>\n<meta name=\"twitter:card\" content=\"summary_large_image\" \/>\n<meta name=\"twitter:label1\" content=\"Tiempo de lectura\" \/>\n\t<meta name=\"twitter:data1\" content=\"1 minuto\" \/>\n<script type=\"application\/ld+json\" class=\"yoast-schema-graph\">{\"@context\":\"https:\\\/\\\/schema.org\",\"@graph\":[{\"@type\":\"WebPage\",\"@id\":\"https:\\\/\\\/simone.art.br\\\/es\\\/musicas\\\/da-gente\\\/\",\"url\":\"https:\\\/\\\/simone.art.br\\\/es\\\/musicas\\\/da-gente\\\/\",\"name\":\"Da Gente - Simone | Site Oficial\",\"isPartOf\":{\"@id\":\"https:\\\/\\\/simone.art.br\\\/es\\\/#website\"},\"primaryImageOfPage\":{\"@id\":\"https:\\\/\\\/simone.art.br\\\/es\\\/musicas\\\/da-gente\\\/#primaryimage\"},\"image\":{\"@id\":\"https:\\\/\\\/simone.art.br\\\/es\\\/musicas\\\/da-gente\\\/#primaryimage\"},\"thumbnailUrl\":\"https:\\\/\\\/simone.art.br\\\/wp-content\\\/uploads\\\/2022\\\/03\\\/simone-album-da-gente-capa.jpg\",\"datePublished\":\"2022-05-23T19:26:02+00:00\",\"dateModified\":\"2022-05-23T19:28:43+00:00\",\"breadcrumb\":{\"@id\":\"https:\\\/\\\/simone.art.br\\\/es\\\/musicas\\\/da-gente\\\/#breadcrumb\"},\"inLanguage\":\"es\",\"potentialAction\":[{\"@type\":\"ReadAction\",\"target\":[\"https:\\\/\\\/simone.art.br\\\/es\\\/musicas\\\/da-gente\\\/\"]}]},{\"@type\":\"ImageObject\",\"inLanguage\":\"es\",\"@id\":\"https:\\\/\\\/simone.art.br\\\/es\\\/musicas\\\/da-gente\\\/#primaryimage\",\"url\":\"https:\\\/\\\/simone.art.br\\\/wp-content\\\/uploads\\\/2022\\\/03\\\/simone-album-da-gente-capa.jpg\",\"contentUrl\":\"https:\\\/\\\/simone.art.br\\\/wp-content\\\/uploads\\\/2022\\\/03\\\/simone-album-da-gente-capa.jpg\",\"width\":1000,\"height\":1000},{\"@type\":\"BreadcrumbList\",\"@id\":\"https:\\\/\\\/simone.art.br\\\/es\\\/musicas\\\/da-gente\\\/#breadcrumb\",\"itemListElement\":[{\"@type\":\"ListItem\",\"position\":1,\"name\":\"In\u00edcio\",\"item\":\"https:\\\/\\\/simone.art.br\\\/es\\\/\"},{\"@type\":\"ListItem\",\"position\":2,\"name\":\"M\u00fasicas\",\"item\":\"https:\\\/\\\/simone.art.br\\\/es\\\/musicas\\\/\"},{\"@type\":\"ListItem\",\"position\":3,\"name\":\"Da Gente\"}]},{\"@type\":\"WebSite\",\"@id\":\"https:\\\/\\\/simone.art.br\\\/es\\\/#website\",\"url\":\"https:\\\/\\\/simone.art.br\\\/es\\\/\",\"name\":\"Simone | Site Oficial\",\"description\":\"O voo da Cigarra, da inf\u00e2ncia musical aos palcos do mundo!\",\"potentialAction\":[{\"@type\":\"SearchAction\",\"target\":{\"@type\":\"EntryPoint\",\"urlTemplate\":\"https:\\\/\\\/simone.art.br\\\/es\\\/?s={search_term_string}\"},\"query-input\":{\"@type\":\"PropertyValueSpecification\",\"valueRequired\":true,\"valueName\":\"search_term_string\"}}],\"inLanguage\":\"es\"}]}<\/script>\n<!-- \/ Yoast SEO plugin. -->","yoast_head_json":{"title":"Da Gente - Simone | Site Oficial","robots":{"index":"index","follow":"follow","max-snippet":"max-snippet:-1","max-image-preview":"max-image-preview:large","max-video-preview":"max-video-preview:-1"},"canonical":"https:\/\/simone.art.br\/es\/musicas\/da-gente\/","og_locale":"es_ES","og_type":"article","og_title":"Da Gente - Simone | Site Oficial","og_description":"\u00c1lbum que da el pistoletazo de salida a los festejos por el 50 aniversario de la carrera de Simone, que espera con ansias un reencuentro cara a cara con el p\u00fablico pospandemia. Despu\u00e9s de todo, ella siempre fue una cantante [&hellip;]","og_url":"https:\/\/simone.art.br\/es\/musicas\/da-gente\/","og_site_name":"Simone | Site Oficial","article_modified_time":"2022-05-23T19:28:43+00:00","og_image":[{"width":1000,"height":1000,"url":"https:\/\/i0.wp.com\/simone.art.br\/wp-content\/uploads\/2022\/03\/simone-album-da-gente-capa.jpg?fit=1000%2C1000&ssl=1","type":"image\/jpeg"}],"twitter_card":"summary_large_image","twitter_misc":{"Tiempo de lectura":"1 minuto"},"schema":{"@context":"https:\/\/schema.org","@graph":[{"@type":"WebPage","@id":"https:\/\/simone.art.br\/es\/musicas\/da-gente\/","url":"https:\/\/simone.art.br\/es\/musicas\/da-gente\/","name":"Da Gente - Simone | Site Oficial","isPartOf":{"@id":"https:\/\/simone.art.br\/es\/#website"},"primaryImageOfPage":{"@id":"https:\/\/simone.art.br\/es\/musicas\/da-gente\/#primaryimage"},"image":{"@id":"https:\/\/simone.art.br\/es\/musicas\/da-gente\/#primaryimage"},"thumbnailUrl":"https:\/\/simone.art.br\/wp-content\/uploads\/2022\/03\/simone-album-da-gente-capa.jpg","datePublished":"2022-05-23T19:26:02+00:00","dateModified":"2022-05-23T19:28:43+00:00","breadcrumb":{"@id":"https:\/\/simone.art.br\/es\/musicas\/da-gente\/#breadcrumb"},"inLanguage":"es","potentialAction":[{"@type":"ReadAction","target":["https:\/\/simone.art.br\/es\/musicas\/da-gente\/"]}]},{"@type":"ImageObject","inLanguage":"es","@id":"https:\/\/simone.art.br\/es\/musicas\/da-gente\/#primaryimage","url":"https:\/\/simone.art.br\/wp-content\/uploads\/2022\/03\/simone-album-da-gente-capa.jpg","contentUrl":"https:\/\/simone.art.br\/wp-content\/uploads\/2022\/03\/simone-album-da-gente-capa.jpg","width":1000,"height":1000},{"@type":"BreadcrumbList","@id":"https:\/\/simone.art.br\/es\/musicas\/da-gente\/#breadcrumb","itemListElement":[{"@type":"ListItem","position":1,"name":"In\u00edcio","item":"https:\/\/simone.art.br\/es\/"},{"@type":"ListItem","position":2,"name":"M\u00fasicas","item":"https:\/\/simone.art.br\/es\/musicas\/"},{"@type":"ListItem","position":3,"name":"Da Gente"}]},{"@type":"WebSite","@id":"https:\/\/simone.art.br\/es\/#website","url":"https:\/\/simone.art.br\/es\/","name":"Simone | Site Oficial","description":"O voo da Cigarra, da inf\u00e2ncia musical aos palcos do mundo!","potentialAction":[{"@type":"SearchAction","target":{"@type":"EntryPoint","urlTemplate":"https:\/\/simone.art.br\/es\/?s={search_term_string}"},"query-input":{"@type":"PropertyValueSpecification","valueRequired":true,"valueName":"search_term_string"}}],"inLanguage":"es"}]}},"_links":{"self":[{"href":"https:\/\/simone.art.br\/es\/wp-json\/wp\/v2\/musicas\/5846","targetHints":{"allow":["GET"]}}],"collection":[{"href":"https:\/\/simone.art.br\/es\/wp-json\/wp\/v2\/musicas"}],"about":[{"href":"https:\/\/simone.art.br\/es\/wp-json\/wp\/v2\/types\/musicas"}],"version-history":[{"count":4,"href":"https:\/\/simone.art.br\/es\/wp-json\/wp\/v2\/musicas\/5846\/revisions"}],"predecessor-version":[{"id":5884,"href":"https:\/\/simone.art.br\/es\/wp-json\/wp\/v2\/musicas\/5846\/revisions\/5884"}],"wp:featuredmedia":[{"embeddable":true,"href":"https:\/\/simone.art.br\/es\/wp-json\/wp\/v2\/media\/5771"}],"wp:attachment":[{"href":"https:\/\/simone.art.br\/es\/wp-json\/wp\/v2\/media?parent=5846"}],"wp:term":[{"taxonomy":"categoria_de_musica","embeddable":true,"href":"https:\/\/simone.art.br\/es\/wp-json\/wp\/v2\/categoria_de_musica?post=5846"},{"taxonomy":"periodo","embeddable":true,"href":"https:\/\/simone.art.br\/es\/wp-json\/wp\/v2\/periodo?post=5846"}],"curies":[{"name":"wp","href":"https:\/\/api.w.org\/{rel}","templated":true}]}}

<p>Álbum que da el pistoletazo de salida a los festejos por el 50 aniversario de la carrera de Simone, que espera con ansias un reencuentro cara a cara con el público pospandemia. Después de todo, ella siempre fue una cantante para nosotros. Del pueblo brasileño.</p>

<!-- This site is optimized with the Yoast SEO plugin v27.4 - https://yoast.com/product/yoast-seo-wordpress/ -->
<title>Da Gente - Simone | Site Oficial</title>
<meta name="robots" content="index, follow, max-snippet:-1, max-image-preview:large, max-video-preview:-1" />
<link rel="canonical" href="https://simone.art.br/es/musicas/da-gente/" />
<meta property="og:locale" content="es_ES" />
<meta property="og:type" content="article" />
<meta property="og:title" content="Da Gente - Simone | Site Oficial" />
<meta property="og:description" content="Álbum que da el pistoletazo de salida a los festejos por el 50 aniversario de la carrera de Simone, que espera con ansias un reencuentro cara a cara con el público pospandemia. Después de todo, ella siempre fue una cantante [&hellip;]" />
<meta property="og:url" content="https://simone.art.br/es/musicas/da-gente/" />
<meta property="og:site_name" content="Simone | Site Oficial" />
<meta property="article:modified_time" content="2022-05-23T19:28:43+00:00" />
<meta property="og:image" content="https://i0.wp.com/simone.art.br/wp-content/uploads/2022/03/simone-album-da-gente-capa.jpg?fit=1000%2C1000&ssl=1" />
	<meta property="og:image:width" content="1000" />
	<meta property="og:image:height" content="1000" />
	<meta property="og:image:type" content="image/jpeg" />
<meta name="twitter:card" content="summary_large_image" />
<meta name="twitter:label1" content="Tiempo de lectura" />
	<meta name="twitter:data1" content="1 minuto" />
<script type="application/ld+json" class="yoast-schema-graph">{"@context":"https:\/\/schema.org","@graph":[{"@type":"WebPage","@id":"https:\/\/simone.art.br\/es\/musicas\/da-gente\/","url":"https:\/\/simone.art.br\/es\/musicas\/da-gente\/","name":"Da Gente - Simone | Site Oficial","isPartOf":{"@id":"https:\/\/simone.art.br\/es\/#website"},"primaryImageOfPage":{"@id":"https:\/\/simone.art.br\/es\/musicas\/da-gente\/#primaryimage"},"image":{"@id":"https:\/\/simone.art.br\/es\/musicas\/da-gente\/#primaryimage"},"thumbnailUrl":"https:\/\/simone.art.br\/wp-content\/uploads\/2022\/03\/simone-album-da-gente-capa.jpg","datePublished":"2022-05-23T19:26:02+00:00","dateModified":"2022-05-23T19:28:43+00:00","breadcrumb":{"@id":"https:\/\/simone.art.br\/es\/musicas\/da-gente\/#breadcrumb"},"inLanguage":"es","potentialAction":[{"@type":"ReadAction","target":["https:\/\/simone.art.br\/es\/musicas\/da-gente\/"]}]},{"@type":"ImageObject","inLanguage":"es","@id":"https:\/\/simone.art.br\/es\/musicas\/da-gente\/#primaryimage","url":"https:\/\/simone.art.br\/wp-content\/uploads\/2022\/03\/simone-album-da-gente-capa.jpg","contentUrl":"https:\/\/simone.art.br\/wp-content\/uploads\/2022\/03\/simone-album-da-gente-capa.jpg","width":1000,"height":1000},{"@type":"BreadcrumbList","@id":"https:\/\/simone.art.br\/es\/musicas\/da-gente\/#breadcrumb","itemListElement":[{"@type":"ListItem","position":1,"name":"Início","item":"https:\/\/simone.art.br\/es\/"},{"@type":"ListItem","position":2,"name":"Músicas","item":"https:\/\/simone.art.br\/es\/musicas\/"},{"@type":"ListItem","position":3,"name":"Da Gente"}]},{"@type":"WebSite","@id":"https:\/\/simone.art.br\/es\/#website","url":"https:\/\/simone.art.br\/es\/","name":"Simone | Site Oficial","description":"O voo da Cigarra, da infância musical aos palcos do mundo!","potentialAction":[{"@type":"SearchAction","target":{"@type":"EntryPoint","urlTemplate":"https:\/\/simone.art.br\/es\/?s={search_term_string}"},"query-input":{"@type":"PropertyValueSpecification","valueRequired":true,"valueName":"search_term_string"}}],"inLanguage":"es"}]}</script>
<!-- / Yoast SEO plugin. -->

Álbum que da el pistoletazo de salida a los festejos por el 50 aniversario de la carrera de Simone, que espera con ansias un reencuentro cara a cara con el público pospandemia. Después de todo, ella siempre fue una cantante [&hellip;]

Início

Músicas

O voo da Cigarra, da infância musical aos palcos do mundo!
